{"id":8110,"date":"2023-03-24T08:14:45","date_gmt":"2023-03-24T11:14:45","guid":{"rendered":"https:\/\/edufor.com.br\/repositorio\/?post_type=tnc_col_3842_item&#038;p=8110"},"modified":"2023-03-24T10:23:22","modified_gmt":"2023-03-24T13:23:22","slug":"associacao-entre-periodontite-e-a-infeccao-grave-por-covid-19","status":"publish","type":"tnc_col_3842_item","link":"https:\/\/edufor.com.br\/repositorio\/odontologia\/associacao-entre-periodontite-e-a-infeccao-grave-por-covid-19\/","title":{"rendered":"Associa\u00e7\u00e3o entre periodontite e a infec\u00e7\u00e3o grave por COVID-19"},"content":{"rendered":"<p>A doen\u00e7a periodontal \u00e9 uma doen\u00e7a inflamat\u00f3ria cr\u00f4nica altamente prevalente e iniciada por coloniza\u00e7\u00e3o bacteriana, que leva \u00e0 destrui\u00e7\u00e3o dos tecidos de sustenta\u00e7\u00e3o dos dentes. Em vista disso, diversas hip\u00f3teses foram evidenciadas vinculando a doen\u00e7a periodontal ao SARS-CoV-2. O objetivo da pesquisa tem a finalidade de realizar uma revis\u00e3o de literatura para avaliar a rela\u00e7\u00e3o entre a COVID-19 e a doen\u00e7a periodontal e identificar como a doen\u00e7a periodontal pode afetar o organismo de pacientes com COVID-19. As bases utilizadas foram: LILACS, SciELO e MEDLINE, no idiomas portugu\u00eas, ingl\u00eas e espanhol. A pesquisa evidenciou que a doen\u00e7a periodontal pode atribuir nos agravos para a COVID-19. \u00c9 evidente que os devidos cuidados odontol\u00f3gicos para a preven\u00e7\u00e3o e controle da infec\u00e7\u00e3o periodontal, e, posteriormente uma manuten\u00e7\u00e3o da sa\u00fade sist\u00eamica dos pacientes acometidos pela COVID-19, s\u00e3o imprescind\u00edveis para reduzir a morbidade desses pacientes, sendo necess\u00e1rio e importante um investimento em programas que possa orientar e incentivar a melhora da higiene bucal.<\/p>\n","protected":false},"featured_media":8300,"parent":0,"menu_order":0,"comment_status":"closed","ping_status":"closed","template":"","format":"standard","class_list":["post-8110","tnc_col_3842_item","type-tnc_col_3842_item","status-publish","format-standard","has-post-thumbnail","hentry"],"_links":{"self":[{"href":"https:\/\/edufor.com.br\/repositorio\/wp-json\/wp\/v2\/tnc_col_3842_item\/8110","targetHints":{"allow":["GET"]}}],"collection":[{"href":"https:\/\/edufor.com.br\/repositorio\/wp-json\/wp\/v2\/tnc_col_3842_item"}],"about":[{"href":"https:\/\/edufor.com.br\/repositorio\/wp-json\/wp\/v2\/types\/tnc_col_3842_item"}],"replies":[{"embeddable":true,"href":"https:\/\/edufor.com.br\/repositorio\/wp-json\/wp\/v2\/comments?post=8110"}],"version-history":[{"count":4,"href":"https:\/\/edufor.com.br\/repositorio\/wp-json\/wp\/v2\/tnc_col_3842_item\/8110\/revisions"}],"predecessor-version":[{"id":8680,"href":"https:\/\/edufor.com.br\/repositorio\/wp-json\/wp\/v2\/tnc_col_3842_item\/8110\/revisions\/8680"}],"wp:featuredmedia":[{"embeddable":true,"href":"https:\/\/edufor.com.br\/repositorio\/wp-json\/wp\/v2\/media\/8300"}],"wp:attachment":[{"href":"https:\/\/edufor.com.br\/repositorio\/wp-json\/wp\/v2\/media?parent=8110"}],"curies":[{"name":"wp","href":"https:\/\/api.w.org\/{rel}","templated":true}]}}

Associação entre periodontite e a infecção grave por COVID-19

<p>A doença periodontal é uma doença inflamatória crônica altamente prevalente e iniciada por colonização bacteriana, que leva à destruição dos tecidos de sustentação dos dentes. Em vista disso, diversas hipóteses foram evidenciadas vinculando a doença periodontal ao SARS-CoV-2. O objetivo da pesquisa tem a finalidade de realizar uma revisão de literatura para avaliar a relação entre a COVID-19 e a doença periodontal e identificar como a doença periodontal pode afetar o organismo de pacientes com COVID-19. As bases utilizadas foram: LILACS, SciELO e MEDLINE, no idiomas português, inglês e espanhol. A pesquisa evidenciou que a doença periodontal pode atribuir nos agravos para a COVID-19. É evidente que os devidos cuidados odontológicos para a prevenção e controle da infecção periodontal, e, posteriormente uma manutenção da saúde sistêmica dos pacientes acometidos pela COVID-19, são imprescindíveis para reduzir a morbidade desses pacientes, sendo necessário e importante um investimento em programas que possa orientar e incentivar a melhora da higiene bucal.</p>
