{"id":8102,"date":"2023-03-24T08:14:40","date_gmt":"2023-03-24T11:14:40","guid":{"rendered":"https:\/\/edufor.com.br\/repositorio\/?post_type=tnc_col_3842_item&#038;p=8102"},"modified":"2023-03-24T10:11:06","modified_gmt":"2023-03-24T13:11:06","slug":"efeitos-psicologicos-de-periodos-pandemicos-em-criancas-com-bruxismo-do-sono","status":"publish","type":"tnc_col_3842_item","link":"https:\/\/edufor.com.br\/repositorio\/odontologia\/efeitos-psicologicos-de-periodos-pandemicos-em-criancas-com-bruxismo-do-sono\/","title":{"rendered":"Efeitos psicol\u00f3gicos de per\u00edodos pand\u00eamicos em crian\u00e7as com bruxismo do sono"},"content":{"rendered":"<p>O bruxismo do sono \u00e9 uma atividade decorrente das contra\u00e7\u00f5es r\u00edtmicas dos m\u00fasculos que pode ocasionar sons de regimento. A patologia pode ser potencializada por condi\u00e7\u00f5es psicol\u00f3gicas e por conta disso, o presente trabalho busca fazer uma an\u00e1lise da rela\u00e7\u00e3o existente entre o bruxismo do sono em crian\u00e7as no per\u00edodo pand\u00eamico. A quest\u00e3o problema do estudo \u00e9: Quais as implica\u00e7\u00f5es psicossociais da pandemia de Covid- 19 e o acometimento do bruxismo em crian\u00e7as? Desse modo, o presente estudo tem como objetivo identificar a rela\u00e7\u00e3o existente entre aspectos psicossociais com o acometimento de bruxismo do sono em crian\u00e7as em decorr\u00eancia da pandemia de Covid-19. A metodologia do estudo \u00e9 uma revis\u00e3o de literatura que tem como car\u00e1ter de inclus\u00e3o estudos realizados e publicados de 2012 a 2022, publicados na integra, em portugu\u00eas e disponibilizados gratuitamente, que versem sobre a tem\u00e1tica. Os estudos foram mapeados nas bibliotecas online Scientific Electronic Library Online- Scielo e Biblioteca Virtual em Sa\u00fade- BVS. A partir da revis\u00e3o de literatura a pesquisa apresenta como resultados que O bruxismo \u00e9 uma disfun\u00e7\u00e3o crescente em crian\u00e7as e caracteriza-se por ranger os dentes de modo consciente ou inconsciente. E com a pandemia e as implica\u00e7\u00f5es psicossocial, passa a ser uma cada vez mais comum em crian\u00e7as em idade escolar que em virtude do distanciamento social acabam por desenvolver dist\u00farbios psicol\u00f3gicos que podem potencializar o bruxismo. As implica\u00e7\u00f5es do bruxismo apresentam-se como uma preocupa\u00e7\u00e3o por conta do risco para disfun\u00e7\u00f5es temporomandibulares, desgaste nos dentes e, em casos mais graves, traumas dent\u00e1rios.<\/p>\n","protected":false},"featured_media":8317,"parent":0,"menu_order":0,"comment_status":"closed","ping_status":"closed","template":"","format":"standard","class_list":["post-8102","tnc_col_3842_item","type-tnc_col_3842_item","status-publish","format-standard","has-post-thumbnail","hentry"],"_links":{"self":[{"href":"https:\/\/edufor.com.br\/repositorio\/wp-json\/wp\/v2\/tnc_col_3842_item\/8102","targetHints":{"allow":["GET"]}}],"collection":[{"href":"https:\/\/edufor.com.br\/repositorio\/wp-json\/wp\/v2\/tnc_col_3842_item"}],"about":[{"href":"https:\/\/edufor.com.br\/repositorio\/wp-json\/wp\/v2\/types\/tnc_col_3842_item"}],"replies":[{"embeddable":true,"href":"https:\/\/edufor.com.br\/repositorio\/wp-json\/wp\/v2\/comments?post=8102"}],"version-history":[{"count":3,"href":"https:\/\/edufor.com.br\/repositorio\/wp-json\/wp\/v2\/tnc_col_3842_item\/8102\/revisions"}],"predecessor-version":[{"id":8522,"href":"https:\/\/edufor.com.br\/repositorio\/wp-json\/wp\/v2\/tnc_col_3842_item\/8102\/revisions\/8522"}],"wp:featuredmedia":[{"embeddable":true,"href":"https:\/\/edufor.com.br\/repositorio\/wp-json\/wp\/v2\/media\/8317"}],"wp:attachment":[{"href":"https:\/\/edufor.com.br\/repositorio\/wp-json\/wp\/v2\/media?parent=8102"}],"curies":[{"name":"wp","href":"https:\/\/api.w.org\/{rel}","templated":true}]}}

Efeitos psicológicos de períodos pandêmicos em crianças com bruxismo do sono

<p>O bruxismo do sono é uma atividade decorrente das contrações rítmicas dos músculos que pode ocasionar sons de regimento. A patologia pode ser potencializada por condições psicológicas e por conta disso, o presente trabalho busca fazer uma análise da relação existente entre o bruxismo do sono em crianças no período pandêmico. A questão problema do estudo é: Quais as implicações psicossociais da pandemia de Covid- 19 e o acometimento do bruxismo em crianças? Desse modo, o presente estudo tem como objetivo identificar a relação existente entre aspectos psicossociais com o acometimento de bruxismo do sono em crianças em decorrência da pandemia de Covid-19. A metodologia do estudo é uma revisão de literatura que tem como caráter de inclusão estudos realizados e publicados de 2012 a 2022, publicados na integra, em português e disponibilizados gratuitamente, que versem sobre a temática. Os estudos foram mapeados nas bibliotecas online Scientific Electronic Library Online- Scielo e Biblioteca Virtual em Saúde- BVS. A partir da revisão de literatura a pesquisa apresenta como resultados que O bruxismo é uma disfunção crescente em crianças e caracteriza-se por ranger os dentes de modo consciente ou inconsciente. E com a pandemia e as implicações psicossocial, passa a ser uma cada vez mais comum em crianças em idade escolar que em virtude do distanciamento social acabam por desenvolver distúrbios psicológicos que podem potencializar o bruxismo. As implicações do bruxismo apresentam-se como uma preocupação por conta do risco para disfunções temporomandibulares, desgaste nos dentes e, em casos mais graves, traumas dentários.</p>
