{"id":8048,"date":"2023-03-24T08:14:31","date_gmt":"2023-03-24T11:14:31","guid":{"rendered":"https:\/\/edufor.com.br\/repositorio\/?post_type=tnc_col_3842_item&#038;p=8048"},"modified":"2023-03-24T10:42:06","modified_gmt":"2023-03-24T13:42:06","slug":"atuacao-do-cirurgiao-dentista-na-unidade-de-terapia-intensiva","status":"publish","type":"tnc_col_3842_item","link":"https:\/\/edufor.com.br\/repositorio\/odontologia\/atuacao-do-cirurgiao-dentista-na-unidade-de-terapia-intensiva\/","title":{"rendered":"Atua\u00e7\u00e3o do cirurgi\u00e3o dentista na unidade de terapia intensiva"},"content":{"rendered":"<p>A Odontologia hospitalar \u00e9 uma \u00e1rea relativamente atual e pouco propagada, que vem recebendo evid\u00eancia devido \u00e0 pandemia da COVID-19, principiada em mar\u00e7o de 2020. Pacientes hospitalizados e internados em Unidades de Terapia Intensiva (UTI) s\u00e3o avaliados pacientes cr\u00edticos que precisam de monitoramento constante. O d\u00e9ficit do cuidado com a higiene oral pode ser decisivo para a evolu\u00e7\u00e3o ou gravidade do quadro cl\u00ednico do paciente. Por isso a presen\u00e7a do Cirurgi\u00e3o Dentista (CD) como parte da equipe multidisciplinar \u00e9 fundamental, pois ele atua n\u00e3o apenas na interven\u00e7\u00e3o curativa dos pacientes cr\u00edticos e sim, para evitar o agravamento de condi\u00e7\u00f5es sist\u00eamicas. Dentro desse argumento, o presente estudo tem como principal objetivo descrever a atua\u00e7\u00e3o do cirurgi\u00e3o dentista na Unidade de Terapia Intensiva (UTI). Tratou-se de uma pesquisa na modalidade de revis\u00e3o integrativa da literatura, onde foram realizadas as buscas nas bases de dados da Biblioteca Cient\u00edfica Eletr\u00f4nica Virtual (SCIELO) e Literatura Latino-Americana e do Caribe em Ci\u00eancias da Sa\u00fade (LILACS) e PUBMED. Foram pesquisados os artigos publicados em l\u00edngua portuguesa nos \u00faltimos dez anos, 2012-2022, texto completo, dispon\u00edvel online, com acesso livre. A atua\u00e7\u00e3o do CD em espa\u00e7o hospitalar fundamenta-se na concretiza\u00e7\u00e3o do conceito de sa\u00fade integral e promo\u00e7\u00e3o de sa\u00fade, acredita-se que em sua atua\u00e7\u00e3o em equipes de sa\u00fade multidisciplinares, desenvolve atividades de promo\u00e7\u00e3o e educa\u00e7\u00e3o em sa\u00fade que contemplem simultaneamente a sa\u00fade integral de indiv\u00edduos e coletividades, proporcionando uma eleva\u00e7\u00e3o dos n\u00edveis de sa\u00fade da popula\u00e7\u00e3o.<\/p>\n","protected":false},"featured_media":8156,"parent":0,"menu_order":0,"comment_status":"closed","ping_status":"closed","template":"","format":"standard","class_list":["post-8048","tnc_col_3842_item","type-tnc_col_3842_item","status-publish","format-standard","has-post-thumbnail","hentry"],"_links":{"self":[{"href":"https:\/\/edufor.com.br\/repositorio\/wp-json\/wp\/v2\/tnc_col_3842_item\/8048","targetHints":{"allow":["GET"]}}],"collection":[{"href":"https:\/\/edufor.com.br\/repositorio\/wp-json\/wp\/v2\/tnc_col_3842_item"}],"about":[{"href":"https:\/\/edufor.com.br\/repositorio\/wp-json\/wp\/v2\/types\/tnc_col_3842_item"}],"replies":[{"embeddable":true,"href":"https:\/\/edufor.com.br\/repositorio\/wp-json\/wp\/v2\/comments?post=8048"}],"version-history":[{"count":3,"href":"https:\/\/edufor.com.br\/repositorio\/wp-json\/wp\/v2\/tnc_col_3842_item\/8048\/revisions"}],"predecessor-version":[{"id":8807,"href":"https:\/\/edufor.com.br\/repositorio\/wp-json\/wp\/v2\/tnc_col_3842_item\/8048\/revisions\/8807"}],"wp:featuredmedia":[{"embeddable":true,"href":"https:\/\/edufor.com.br\/repositorio\/wp-json\/wp\/v2\/media\/8156"}],"wp:attachment":[{"href":"https:\/\/edufor.com.br\/repositorio\/wp-json\/wp\/v2\/media?parent=8048"}],"curies":[{"name":"wp","href":"https:\/\/api.w.org\/{rel}","templated":true}]}}

Atuação do cirurgião dentista na unidade de terapia intensiva

<p>A Odontologia hospitalar é uma área relativamente atual e pouco propagada, que vem recebendo evidência devido à pandemia da COVID-19, principiada em março de 2020. Pacientes hospitalizados e internados em Unidades de Terapia Intensiva (UTI) são avaliados pacientes críticos que precisam de monitoramento constante. O déficit do cuidado com a higiene oral pode ser decisivo para a evolução ou gravidade do quadro clínico do paciente. Por isso a presença do Cirurgião Dentista (CD) como parte da equipe multidisciplinar é fundamental, pois ele atua não apenas na intervenção curativa dos pacientes críticos e sim, para evitar o agravamento de condições sistêmicas. Dentro desse argumento, o presente estudo tem como principal objetivo descrever a atuação do cirurgião dentista na Unidade de Terapia Intensiva (UTI). Tratou-se de uma pesquisa na modalidade de revisão integrativa da literatura, onde foram realizadas as buscas nas bases de dados da Biblioteca Científica Eletrônica Virtual (SCIELO) e Literatura Latino-Americana e do Caribe em Ciências da Saúde (LILACS) e PUBMED. Foram pesquisados os artigos publicados em língua portuguesa nos últimos dez anos, 2012-2022, texto completo, disponível online, com acesso livre. A atuação do CD em espaço hospitalar fundamenta-se na concretização do conceito de saúde integral e promoção de saúde, acredita-se que em sua atuação em equipes de saúde multidisciplinares, desenvolve atividades de promoção e educação em saúde que contemplem simultaneamente a saúde integral de indivíduos e coletividades, proporcionando uma elevação dos níveis de saúde da população.</p>
