{"id":11084,"date":"2023-08-03T09:46:28","date_gmt":"2023-08-03T12:46:28","guid":{"rendered":"https:\/\/edufor.com.br\/repositorio\/?post_type=tnc_col_3842_item&#038;p=11084"},"modified":"2023-08-04T08:31:56","modified_gmt":"2023-08-04T11:31:56","slug":"extracoes-atipicas-na-ortodontia-uma-revisao-de-literatura","status":"publish","type":"tnc_col_3842_item","link":"https:\/\/edufor.com.br\/repositorio\/odontologia\/extracoes-atipicas-na-ortodontia-uma-revisao-de-literatura\/","title":{"rendered":"Extra\u00e7\u00f5es at\u00edpicas na ortodontia: uma revis\u00e3o de literatura"},"content":{"rendered":"<p>Quando se fala em extra\u00e7\u00f5es para o tratamento ortod\u00f4ntico, o primeiro dente a ser eleito s\u00e3o os pr\u00e9-molares, a elei\u00e7\u00e3o de qualquer elemento dent\u00e1rio que n\u00e3o os pr\u00e9-molares, s\u00e3o consideradas extra\u00e7\u00f5es at\u00edpicas. As extra\u00e7\u00f5es at\u00edpicas s\u00e3o necess\u00e1rias em alguns casos de corre\u00e7\u00e3o de m\u00e1-oclus\u00e3o, e podem ser uma \u00f3tima op\u00e7\u00e3o de tratamento desde que o diagn\u00f3stico seja favor\u00e1vel para o paciente. Este estudo tem o objetivo de investigar as extra\u00e7\u00f5es at\u00edpicas, bem como as suas indica\u00e7\u00f5es para o tratamento ortod\u00f4ntico. Foi realizado um estudo bibliog\u0155afico utilizando bases de dados cient\u00edficos como Scielo, PUbMed e Google Scholar. A literatura investigada revela que a Ortodontia tem como principal objetivo tratar as m\u00e1s oclus\u00f5es, e as extra\u00e7\u00f5es at\u00edpicas s\u00e3o uma ferramenta vi\u00e1vel para alcan\u00e7ar estes objetivos, no entanto para se realizar estas extra\u00e7\u00f5es torna-se necess\u00e1rio realizar um diagn\u00f3stico preciso para que o tratamento tenha um bom progn\u00f3stico. A extra\u00e7\u00e3o de incisivos s\u00e3o indicadas para a corre\u00e7\u00e3o de m\u00e1 oclus\u00e3o de Classe I e apinhamento \u00e2ntero-inferior. Os segundos molares s\u00e3o extra\u00eddos para o tratamento de problemas de m\u00e1 oclus\u00e3o e apinhamento na regi\u00e3o anterior. J\u00e1 extra\u00e7\u00f5es assim\u00e9tricas ou unilaterais s\u00e3o usadas para corre\u00e7\u00e3o de Classe I e II em lados opostos e corre\u00e7\u00e3o da linha m\u00e9dia. A an\u00e1lise bibliog\u0155afica mostrou que as extra\u00e7\u00f5es at\u00edpicas s\u00e3o de grande relev\u00e2ncia para alguns casos dentro da Ortodontia desde que sejam realizadas por meio de um bom diagn\u00f3stico.<\/p>\n","protected":false},"featured_media":11120,"parent":0,"menu_order":0,"comment_status":"closed","ping_status":"closed","template":"","format":"standard","class_list":["post-11084","tnc_col_3842_item","type-tnc_col_3842_item","status-publish","format-standard","has-post-thumbnail","hentry"],"_links":{"self":[{"href":"https:\/\/edufor.com.br\/repositorio\/wp-json\/wp\/v2\/tnc_col_3842_item\/11084","targetHints":{"allow":["GET"]}}],"collection":[{"href":"https:\/\/edufor.com.br\/repositorio\/wp-json\/wp\/v2\/tnc_col_3842_item"}],"about":[{"href":"https:\/\/edufor.com.br\/repositorio\/wp-json\/wp\/v2\/types\/tnc_col_3842_item"}],"replies":[{"embeddable":true,"href":"https:\/\/edufor.com.br\/repositorio\/wp-json\/wp\/v2\/comments?post=11084"}],"version-history":[{"count":3,"href":"https:\/\/edufor.com.br\/repositorio\/wp-json\/wp\/v2\/tnc_col_3842_item\/11084\/revisions"}],"predecessor-version":[{"id":11325,"href":"https:\/\/edufor.com.br\/repositorio\/wp-json\/wp\/v2\/tnc_col_3842_item\/11084\/revisions\/11325"}],"wp:featuredmedia":[{"embeddable":true,"href":"https:\/\/edufor.com.br\/repositorio\/wp-json\/wp\/v2\/media\/11120"}],"wp:attachment":[{"href":"https:\/\/edufor.com.br\/repositorio\/wp-json\/wp\/v2\/media?parent=11084"}],"curies":[{"name":"wp","href":"https:\/\/api.w.org\/{rel}","templated":true}]}}

Extrações atípicas na ortodontia: uma revisão de literatura

<p>Quando se fala em extrações para o tratamento ortodôntico, o primeiro dente a ser eleito são os pré-molares, a eleição de qualquer elemento dentário que não os pré-molares, são consideradas extrações atípicas. As extrações atípicas são necessárias em alguns casos de correção de má-oclusão, e podem ser uma ótima opção de tratamento desde que o diagnóstico seja favorável para o paciente. Este estudo tem o objetivo de investigar as extrações atípicas, bem como as suas indicações para o tratamento ortodôntico. Foi realizado um estudo bibliogŕafico utilizando bases de dados científicos como Scielo, PUbMed e Google Scholar. A literatura investigada revela que a Ortodontia tem como principal objetivo tratar as más oclusões, e as extrações atípicas são uma ferramenta viável para alcançar estes objetivos, no entanto para se realizar estas extrações torna-se necessário realizar um diagnóstico preciso para que o tratamento tenha um bom prognóstico. A extração de incisivos são indicadas para a correção de má oclusão de Classe I e apinhamento ântero-inferior. Os segundos molares são extraídos para o tratamento de problemas de má oclusão e apinhamento na região anterior. Já extrações assimétricas ou unilaterais são usadas para correção de Classe I e II em lados opostos e correção da linha média. A análise bibliogŕafica mostrou que as extrações atípicas são de grande relevância para alguns casos dentro da Ortodontia desde que sejam realizadas por meio de um bom diagnóstico.</p>
