{"id":11076,"date":"2023-08-03T09:46:27","date_gmt":"2023-08-03T12:46:27","guid":{"rendered":"https:\/\/edufor.com.br\/repositorio\/?post_type=tnc_col_3842_item&#038;p=11076"},"modified":"2023-08-04T08:25:56","modified_gmt":"2023-08-04T11:25:56","slug":"estrategias-de-prevencao-em-saude-bucal-na-odontopediatria-revisao-de-literatura","status":"publish","type":"tnc_col_3842_item","link":"https:\/\/edufor.com.br\/repositorio\/odontologia\/estrategias-de-prevencao-em-saude-bucal-na-odontopediatria-revisao-de-literatura\/","title":{"rendered":"Estrat\u00e9gias de preven\u00e7\u00e3o em sa\u00fade bucal na odontopediatria: revis\u00e3o de literatura"},"content":{"rendered":"<p>A educa\u00e7\u00e3o em sa\u00fade bucal vem possibilitar e adquirir conhecimentos e desenvolvimento de habilidades que viabilizam a forma\u00e7\u00e3o ou a mudan\u00e7a de atitudes e comportamentos pelo individuo em rela\u00e7\u00e3o a sua sa\u00fade, atingindo assim, a vida dos pais e filhos. O objetivo deste trabalho \u00e9 analisar as estrat\u00e9gias de preven\u00e7\u00e3o de sa\u00fade bucal na inf\u00e2ncia e na aten\u00e7\u00e3o b\u00e1sica \u00e0 sa\u00fade, bem como investigar as pol\u00edticas nacionais de sa\u00fade bucal para crian\u00e7as e avaliar a import\u00e2ncia da preven\u00e7\u00e3o odontol\u00f3gica na primeira inf\u00e2ncia. Al\u00e9m disso, busca-se avaliar como as orienta\u00e7\u00f5es dadas \u00e0s gestantes e m\u00e3es de rec\u00e9m-nascidos podem contribuir para a promo\u00e7\u00e3o da sa\u00fade da popula\u00e7\u00e3o estudada. Trata-se de uma revis\u00e3o da literatura, desenvolvida atrav\u00e9s das bases de dados: Scientific Eletronic Library Online (Scielo), Latino-Americana e do Caribe em Ci\u00eancias da Sa\u00fade (Lilacs), (PUBMED) e Sistema Online de Busca e An\u00e1lise de Literatura M\u00e9dica (MEDLINE). A amostra foi definida a partir da sele\u00e7\u00e3o dos artigos nos bancos de dados, selecionados ap\u00f3s aplica\u00e7\u00e3o dos crit\u00e9rios de inclus\u00e3o e exclus\u00e3o. Com base nas an\u00e1lises realizadas, fica evidente a import\u00e2ncia da promo\u00e7\u00e3o da sa\u00fade bucal. \u00c9 fundamental a implementa\u00e7\u00e3o de projetos educativos voltados para crian\u00e7as, visando uma conscientiza\u00e7\u00e3o e transforma\u00e7\u00e3o no panorama da sa\u00fade bucal durante a denti\u00e7\u00e3o dec\u00eddua. Diante dos problemas bucais mais comumente encontrados na pr\u00e1tica odontol\u00f3gica, \u00e9 fundamental destacar a import\u00e2ncia da educa\u00e7\u00e3o, preven\u00e7\u00e3o e motiva\u00e7\u00e3o na promo\u00e7\u00e3o da sa\u00fade bucal infantil, abrangendo n\u00e3o apenas o \u00e2mbito individual, mas tamb\u00e9m considerando o contexto familiar e escolar como influ\u00eancias significativas nesse processo.<\/p>\n","protected":false},"featured_media":11175,"parent":0,"menu_order":0,"comment_status":"closed","ping_status":"closed","template":"","format":"standard","class_list":["post-11076","tnc_col_3842_item","type-tnc_col_3842_item","status-publish","format-standard","has-post-thumbnail","hentry"],"_links":{"self":[{"href":"https:\/\/edufor.com.br\/repositorio\/wp-json\/wp\/v2\/tnc_col_3842_item\/11076","targetHints":{"allow":["GET"]}}],"collection":[{"href":"https:\/\/edufor.com.br\/repositorio\/wp-json\/wp\/v2\/tnc_col_3842_item"}],"about":[{"href":"https:\/\/edufor.com.br\/repositorio\/wp-json\/wp\/v2\/types\/tnc_col_3842_item"}],"replies":[{"embeddable":true,"href":"https:\/\/edufor.com.br\/repositorio\/wp-json\/wp\/v2\/comments?post=11076"}],"version-history":[{"count":3,"href":"https:\/\/edufor.com.br\/repositorio\/wp-json\/wp\/v2\/tnc_col_3842_item\/11076\/revisions"}],"predecessor-version":[{"id":11211,"href":"https:\/\/edufor.com.br\/repositorio\/wp-json\/wp\/v2\/tnc_col_3842_item\/11076\/revisions\/11211"}],"wp:featuredmedia":[{"embeddable":true,"href":"https:\/\/edufor.com.br\/repositorio\/wp-json\/wp\/v2\/media\/11175"}],"wp:attachment":[{"href":"https:\/\/edufor.com.br\/repositorio\/wp-json\/wp\/v2\/media?parent=11076"}],"curies":[{"name":"wp","href":"https:\/\/api.w.org\/{rel}","templated":true}]}}

Estratégias de prevenção em saúde bucal na odontopediatria: revisão de literatura

<p>A educação em saúde bucal vem possibilitar e adquirir conhecimentos e desenvolvimento de habilidades que viabilizam a formação ou a mudança de atitudes e comportamentos pelo individuo em relação a sua saúde, atingindo assim, a vida dos pais e filhos. O objetivo deste trabalho é analisar as estratégias de prevenção de saúde bucal na infância e na atenção básica à saúde, bem como investigar as políticas nacionais de saúde bucal para crianças e avaliar a importância da prevenção odontológica na primeira infância. Além disso, busca-se avaliar como as orientações dadas às gestantes e mães de recém-nascidos podem contribuir para a promoção da saúde da população estudada. Trata-se de uma revisão da literatura, desenvolvida através das bases de dados: Scientific Eletronic Library Online (Scielo), Latino-Americana e do Caribe em Ciências da Saúde (Lilacs), (PUBMED) e Sistema Online de Busca e Análise de Literatura Médica (MEDLINE). A amostra foi definida a partir da seleção dos artigos nos bancos de dados, selecionados após aplicação dos critérios de inclusão e exclusão. Com base nas análises realizadas, fica evidente a importância da promoção da saúde bucal. É fundamental a implementação de projetos educativos voltados para crianças, visando uma conscientização e transformação no panorama da saúde bucal durante a dentição decídua. Diante dos problemas bucais mais comumente encontrados na prática odontológica, é fundamental destacar a importância da educação, prevenção e motivação na promoção da saúde bucal infantil, abrangendo não apenas o âmbito individual, mas também considerando o contexto familiar e escolar como influências significativas nesse processo.</p>
