{"id":999,"date":"2021-12-20T09:34:13","date_gmt":"2021-12-20T12:34:13","guid":{"rendered":"https:\/\/edufor.com.br\/repositorio\/?post_type=tnc_col_317_item&#038;p=999"},"modified":"2025-02-04T11:22:15","modified_gmt":"2025-02-04T14:22:15","slug":"resgate-e-preservacao-da-memoria-de-criancas-em-situacao-de-acolhimento-familiar-no-municipio-de-sao-luis","status":"publish","type":"tnc_col_317_item","link":"https:\/\/edufor.com.br\/repositorio\/servico-social\/resgate-e-preservacao-da-memoria-de-criancas-em-situacao-de-acolhimento-familiar-no-municipio-de-sao-luis\/","title":{"rendered":"Resgate e preserva\u00e7\u00e3o da mem\u00f3ria de crian\u00e7as em situa\u00e7\u00e3o de acolhimento familiar no munic\u00edpio de S\u00e3o Lu\u00eds"},"content":{"rendered":"<p>O presente trabalho de conclus\u00e3o de curso foi realizado a partir da experi\u00eancia de Est\u00e1gio Curricular Obrigat\u00f3rio I e II e III no Servi\u00e7o de Acolhimento em Fam\u00edlia Acolhedora do munic\u00edpio de S\u00e3o Lu\u00eds. Este trabalho tem como prop\u00f3sito, descrever o projeto de interven\u00e7\u00e3o realizado no per\u00edodo de est\u00e1gio em conjunto com a crian\u00e7a acolhida no servi\u00e7o, que consistiu na elabora\u00e7\u00e3o de um \u00e1lbum de registro sobre a hist\u00f3ria de vida da crian\u00e7a, que pudesse abranger desde o per\u00edodo anterior ao acolhimento, at\u00e9 o per\u00edodo passado sob medida de prote\u00e7\u00e3o, buscando assegurar assim, o respeito a dignidade, que \u00e9 um direito fundamental, previsto pelo Estatuto da Crian\u00e7a e do Adolescente (Lei 8069\/90). Na primeira se\u00e7\u00e3o realizou-se a contextualiza\u00e7\u00e3o da hist\u00f3ria da crian\u00e7a e do adolescente no Brasil, e posteriormente das Leis que embasaram essa tem\u00e1tica at\u00e9 a promulga\u00e7\u00e3o do Estatuto da Crian\u00e7a e do Adolescente. Na segunda se\u00e7\u00e3o abordou-se sobre o servi\u00e7o de acolhimento familiar de modo geral, e depois de forma espec\u00edfica sobre o servi\u00e7o executado no munic\u00edpio de S\u00e3o Lu\u00eds. Na terceira se\u00e7\u00e3o, abordou-se o marco te\u00f3rico que serviu de base para a elabora\u00e7\u00e3o do projeto e relatou-se a experi\u00eancia de est\u00e1gio na implementa\u00e7\u00e3o do projeto de interven\u00e7\u00e3o. Nesse cen\u00e1rio, compreendeu-se durante a execu\u00e7\u00e3o do trabalho \u00e0 import\u00e2ncia da constru\u00e7\u00e3o do \u00e1lbum, como forma de preserva\u00e7\u00e3o da mem\u00f3ria da crian\u00e7a acolhida e da contribui\u00e7\u00e3o para constru\u00e7\u00e3o de sua identidade. A constru\u00e7\u00e3o do \u00e1lbum tentou colocar a crian\u00e7a como protagonista de sua hist\u00f3ria.<\/p>\n","protected":false},"featured_media":1077,"parent":0,"menu_order":0,"comment_status":"closed","ping_status":"closed","template":"","format":"standard","class_list":["post-999","tnc_col_317_item","type-tnc_col_317_item","status-publish","format-standard","has-post-thumbnail","hentry"],"_links":{"self":[{"href":"https:\/\/edufor.com.br\/repositorio\/wp-json\/wp\/v2\/tnc_col_317_item\/999","targetHints":{"allow":["GET"]}}],"collection":[{"href":"https:\/\/edufor.com.br\/repositorio\/wp-json\/wp\/v2\/tnc_col_317_item"}],"about":[{"href":"https:\/\/edufor.com.br\/repositorio\/wp-json\/wp\/v2\/types\/tnc_col_317_item"}],"replies":[{"embeddable":true,"href":"https:\/\/edufor.com.br\/repositorio\/wp-json\/wp\/v2\/comments?post=999"}],"version-history":[{"count":32,"href":"https:\/\/edufor.com.br\/repositorio\/wp-json\/wp\/v2\/tnc_col_317_item\/999\/revisions"}],"predecessor-version":[{"id":24081,"href":"https:\/\/edufor.com.br\/repositorio\/wp-json\/wp\/v2\/tnc_col_317_item\/999\/revisions\/24081"}],"wp:featuredmedia":[{"embeddable":true,"href":"https:\/\/edufor.com.br\/repositorio\/wp-json\/wp\/v2\/media\/1077"}],"wp:attachment":[{"href":"https:\/\/edufor.com.br\/repositorio\/wp-json\/wp\/v2\/media?parent=999"}],"curies":[{"name":"wp","href":"https:\/\/api.w.org\/{rel}","templated":true}]}}

Resgate e preservação da memória de crianças em situação de acolhimento familiar no município de São Luís

<p>O presente trabalho de conclusão de curso foi realizado a partir da experiência de Estágio Curricular Obrigatório I e II e III no Serviço de Acolhimento em Família Acolhedora do município de São Luís. Este trabalho tem como propósito, descrever o projeto de intervenção realizado no período de estágio em conjunto com a criança acolhida no serviço, que consistiu na elaboração de um álbum de registro sobre a história de vida da criança, que pudesse abranger desde o período anterior ao acolhimento, até o período passado sob medida de proteção, buscando assegurar assim, o respeito a dignidade, que é um direito fundamental, previsto pelo Estatuto da Criança e do Adolescente (Lei 8069/90). Na primeira seção realizou-se a contextualização da história da criança e do adolescente no Brasil, e posteriormente das Leis que embasaram essa temática até a promulgação do Estatuto da Criança e do Adolescente. Na segunda seção abordou-se sobre o serviço de acolhimento familiar de modo geral, e depois de forma específica sobre o serviço executado no município de São Luís. Na terceira seção, abordou-se o marco teórico que serviu de base para a elaboração do projeto e relatou-se a experiência de estágio na implementação do projeto de intervenção. Nesse cenário, compreendeu-se durante a execução do trabalho à importância da construção do álbum, como forma de preservação da memória da criança acolhida e da contribuição para construção de sua identidade. A construção do álbum tentou colocar a criança como protagonista de sua história.</p>
