{"id":7001,"date":"2022-12-23T16:23:13","date_gmt":"2022-12-23T19:23:13","guid":{"rendered":"https:\/\/edufor.com.br\/repositorio\/?post_type=tnc_col_317_item&#038;p=7001"},"modified":"2025-02-04T11:06:30","modified_gmt":"2025-02-04T14:06:30","slug":"o-servico-social-na-casa-da-mulher-brasileira-do-maranhao-uma-analise-da-atuacao-do-assistente-social-no-atendimento-as-vitimas-de-violencia-domestica","status":"publish","type":"tnc_col_317_item","link":"https:\/\/edufor.com.br\/repositorio\/servico-social\/o-servico-social-na-casa-da-mulher-brasileira-do-maranhao-uma-analise-da-atuacao-do-assistente-social-no-atendimento-as-vitimas-de-violencia-domestica\/","title":{"rendered":"O servi\u00e7o social na Casa da Mulher Brasileira do Maranh\u00e3o: uma an\u00e1lise da atua\u00e7\u00e3o do Assistente Social no atendimento \u00e0s v\u00edtimas de viol\u00eancia dom\u00e9stica"},"content":{"rendered":"<p>A referida tem\u00e1tica aborda o Servi\u00e7o Social na casa da Mulher Brasileira do Maranh\u00e3o, onde far-se-\u00e1 uma an\u00e1lise da atua\u00e7\u00e3o do assistente social no atendimento \u00e0s v\u00edtimas de viol\u00eancia dom\u00e9stica. Faz-se necess\u00e1rio mencionar que o tema proposto \u00e9 intensamente relevante na \u00e1rea do Servi\u00e7o Social, na medida em que o assunto abordado \u00e9 parte fundamental de atua\u00e7\u00e3o do assistente social que atua na preven\u00e7\u00e3o e combate da viol\u00eancia por interm\u00e9dio de t\u00e9cnicas instrumentais, conhecimentos te\u00f3ricos e pr\u00e1ticos nos mais diversos casos de viola\u00e7\u00e3o da integridade f\u00edsica e ps\u00edquica da mulher. O objeto da pesquisa \u00e9 assunto com n\u00edtida rela\u00e7\u00e3o ao \u00e2mbito de atua\u00e7\u00e3o dos assistentes, devendo o profissional realizar pesquisas, aprofundar-se sobre conceitos, caracter\u00edsticas, pol\u00edticas p\u00fablicas, legisla\u00e7\u00f5es pertinentes e causas envoltas ao contexto da viol\u00eancia dom\u00e9stica e familiar a fim de compreender as m\u00faltiplas express\u00f5es decorrentes da viol\u00eancia na contemporaneidade e de como se apresenta na sociedade. O Assistente Social \u00e9 profissional capacitado e comprometido com a garantia de direitos dos usu\u00e1rios, possuindo um espa\u00e7o relevante.<\/p>\n","protected":false},"featured_media":7061,"parent":0,"menu_order":0,"comment_status":"closed","ping_status":"closed","template":"","format":"standard","class_list":["post-7001","tnc_col_317_item","type-tnc_col_317_item","status-publish","format-standard","has-post-thumbnail","hentry"],"_links":{"self":[{"href":"https:\/\/edufor.com.br\/repositorio\/wp-json\/wp\/v2\/tnc_col_317_item\/7001","targetHints":{"allow":["GET"]}}],"collection":[{"href":"https:\/\/edufor.com.br\/repositorio\/wp-json\/wp\/v2\/tnc_col_317_item"}],"about":[{"href":"https:\/\/edufor.com.br\/repositorio\/wp-json\/wp\/v2\/types\/tnc_col_317_item"}],"replies":[{"embeddable":true,"href":"https:\/\/edufor.com.br\/repositorio\/wp-json\/wp\/v2\/comments?post=7001"}],"version-history":[{"count":3,"href":"https:\/\/edufor.com.br\/repositorio\/wp-json\/wp\/v2\/tnc_col_317_item\/7001\/revisions"}],"predecessor-version":[{"id":7373,"href":"https:\/\/edufor.com.br\/repositorio\/wp-json\/wp\/v2\/tnc_col_317_item\/7001\/revisions\/7373"}],"wp:featuredmedia":[{"embeddable":true,"href":"https:\/\/edufor.com.br\/repositorio\/wp-json\/wp\/v2\/media\/7061"}],"wp:attachment":[{"href":"https:\/\/edufor.com.br\/repositorio\/wp-json\/wp\/v2\/media?parent=7001"}],"curies":[{"name":"wp","href":"https:\/\/api.w.org\/{rel}","templated":true}]}}

O serviço social na Casa da Mulher Brasileira do Maranhão: uma análise da atuação do Assistente Social no atendimento às vítimas de violência doméstica

<p>A referida temática aborda o Serviço Social na casa da Mulher Brasileira do Maranhão, onde far-se-á uma análise da atuação do assistente social no atendimento às vítimas de violência doméstica. Faz-se necessário mencionar que o tema proposto é intensamente relevante na área do Serviço Social, na medida em que o assunto abordado é parte fundamental de atuação do assistente social que atua na prevenção e combate da violência por intermédio de técnicas instrumentais, conhecimentos teóricos e práticos nos mais diversos casos de violação da integridade física e psíquica da mulher. O objeto da pesquisa é assunto com nítida relação ao âmbito de atuação dos assistentes, devendo o profissional realizar pesquisas, aprofundar-se sobre conceitos, características, políticas públicas, legislações pertinentes e causas envoltas ao contexto da violência doméstica e familiar a fim de compreender as múltiplas expressões decorrentes da violência na contemporaneidade e de como se apresenta na sociedade. O Assistente Social é profissional capacitado e comprometido com a garantia de direitos dos usuários, possuindo um espaço relevante.</p>
