{"id":6999,"date":"2022-12-23T16:23:13","date_gmt":"2022-12-23T19:23:13","guid":{"rendered":"https:\/\/edufor.com.br\/repositorio\/?post_type=tnc_col_317_item&#038;p=6999"},"modified":"2025-02-04T11:07:17","modified_gmt":"2025-02-04T14:07:17","slug":"o-trabalho-do-assistente-social-em-um-creas-sao-luis-ma-avancos-e-desafios-da-protecao-social-especial-de-media-complexidade","status":"publish","type":"tnc_col_317_item","link":"https:\/\/edufor.com.br\/repositorio\/servico-social\/o-trabalho-do-assistente-social-em-um-creas-sao-luis-ma-avancos-e-desafios-da-protecao-social-especial-de-media-complexidade\/","title":{"rendered":"O trabalho do assistente social em um CREAS S\u00e3o Lu\u00eds &#8211; MA: Avan\u00e7os e desafios da Prote\u00e7\u00e3o Social Especial de M\u00e9dia Complexidade"},"content":{"rendered":"<p>O estudo aborda o trabalho do assistente social no CREAS (Centro de Refer\u00eancia Especializado de Assist\u00eancia Social), e busca identificar avan\u00e7os, conquistas e desafios da prote\u00e7\u00e3o social especial de m\u00e9dia complexidade vinculada \u00e0 Secretaria Municipal da Crian\u00e7a e Assist\u00eancia Social. O atuar profissional na Prote\u00e7\u00e3o Social Especial de M\u00e9dia Complexidade, comp\u00f5e a Pol\u00edtica Nacional de Assist\u00eancia Social (PNAS), assim sendo, a pesquisa parte do intuito de conhecer a din\u00e2mica que se pauta os processos de trabalho do assistente social diante da sua interven\u00e7\u00e3o no Centro de Refer\u00eancia de Assist\u00eancia Social, de modo a analisar dificuldades, limita\u00e7\u00f5es, compet\u00eancias, atividades desenvolvidas e cotidiano do referido profissional frente o atendimento das fam\u00edlias e pessoas que buscam diariamente a efetiva\u00e7\u00e3o de seus direitos sociais junto a Unidade. Como metodologia utilizou-se a pesquisa bibliogr\u00e1fica em rela\u00e7\u00e3o ao objeto investigado no qual possui a finalidade de colocar o pesquisador em contato direto com aquilo j\u00e1 produzido\/escrito sobre o assunto; utilizou-se tamb\u00e9m a pesquisa qualitativa sendo uma t\u00e9cnica capaz de compreender a complexidade do problema atrav\u00e9s da observa\u00e7\u00e3o, interpreta\u00e7\u00e3o dos fatos, coleta de informa\u00e7\u00f5es e entrevista com assistente sociai que atua no CREAS.<\/p>\n","protected":false},"featured_media":7046,"parent":0,"menu_order":0,"comment_status":"closed","ping_status":"closed","template":"","format":"standard","class_list":["post-6999","tnc_col_317_item","type-tnc_col_317_item","status-publish","format-standard","has-post-thumbnail","hentry"],"_links":{"self":[{"href":"https:\/\/edufor.com.br\/repositorio\/wp-json\/wp\/v2\/tnc_col_317_item\/6999","targetHints":{"allow":["GET"]}}],"collection":[{"href":"https:\/\/edufor.com.br\/repositorio\/wp-json\/wp\/v2\/tnc_col_317_item"}],"about":[{"href":"https:\/\/edufor.com.br\/repositorio\/wp-json\/wp\/v2\/types\/tnc_col_317_item"}],"replies":[{"embeddable":true,"href":"https:\/\/edufor.com.br\/repositorio\/wp-json\/wp\/v2\/comments?post=6999"}],"version-history":[{"count":3,"href":"https:\/\/edufor.com.br\/repositorio\/wp-json\/wp\/v2\/tnc_col_317_item\/6999\/revisions"}],"predecessor-version":[{"id":7344,"href":"https:\/\/edufor.com.br\/repositorio\/wp-json\/wp\/v2\/tnc_col_317_item\/6999\/revisions\/7344"}],"wp:featuredmedia":[{"embeddable":true,"href":"https:\/\/edufor.com.br\/repositorio\/wp-json\/wp\/v2\/media\/7046"}],"wp:attachment":[{"href":"https:\/\/edufor.com.br\/repositorio\/wp-json\/wp\/v2\/media?parent=6999"}],"curies":[{"name":"wp","href":"https:\/\/api.w.org\/{rel}","templated":true}]}}

O trabalho do assistente social em um CREAS São Luís &#8211; MA: Avanços e desafios da Proteção Social Especial de Média Complexidade

<p>O estudo aborda o trabalho do assistente social no CREAS (Centro de Referência Especializado de Assistência Social), e busca identificar avanços, conquistas e desafios da proteção social especial de média complexidade vinculada à Secretaria Municipal da Criança e Assistência Social. O atuar profissional na Proteção Social Especial de Média Complexidade, compõe a Política Nacional de Assistência Social (PNAS), assim sendo, a pesquisa parte do intuito de conhecer a dinâmica que se pauta os processos de trabalho do assistente social diante da sua intervenção no Centro de Referência de Assistência Social, de modo a analisar dificuldades, limitações, competências, atividades desenvolvidas e cotidiano do referido profissional frente o atendimento das famílias e pessoas que buscam diariamente a efetivação de seus direitos sociais junto a Unidade. Como metodologia utilizou-se a pesquisa bibliográfica em relação ao objeto investigado no qual possui a finalidade de colocar o pesquisador em contato direto com aquilo já produzido/escrito sobre o assunto; utilizou-se também a pesquisa qualitativa sendo uma técnica capaz de compreender a complexidade do problema através da observação, interpretação dos fatos, coleta de informações e entrevista com assistente sociai que atua no CREAS.</p>
