{"id":12346,"date":"2023-12-27T15:01:12","date_gmt":"2023-12-27T18:01:12","guid":{"rendered":"https:\/\/edufor.com.br\/repositorio\/?post_type=tnc_col_317_item&#038;p=12346"},"modified":"2025-02-04T11:02:19","modified_gmt":"2025-02-04T14:02:19","slug":"a-atuacao-do-servico-social-no-sistema-prisional-uma-revisao-bibliografica-sobre-os-principais-aspectos-de-intervencao","status":"publish","type":"tnc_col_317_item","link":"https:\/\/edufor.com.br\/repositorio\/servico-social\/a-atuacao-do-servico-social-no-sistema-prisional-uma-revisao-bibliografica-sobre-os-principais-aspectos-de-intervencao\/","title":{"rendered":"A atua\u00e7\u00e3o do servi\u00e7o social no sistema prisional: uma revis\u00e3o bibliogr\u00e1fica sobre os principais aspectos de interven\u00e7\u00e3o"},"content":{"rendered":"<p>Com o aumento da popula\u00e7\u00e3o carcer\u00e1ria no Brasil, novas problem\u00e1ticas foram impostas ao contexto do encarceramento em massa de grupos subalternizados historicamente. Diante dessa circunst\u00e2ncia, o assistente social passa a ser demandado a atuar junto ao sistema prisional, sobretudo no que tange \u00e0 garantia dos direitos humanos e de desenvolvimento de projetos vinculados ao processo de ressocializa\u00e7\u00e3o dos sujeitos presos. Deste modo, como \u00e9 um espa\u00e7o em que as express\u00f5es da chamada \u201cquest\u00e3o social\u201d, a qual se caracteriza objeto de trabalho do assistente social, se reproduzem em larga medida, torna-se imprescind\u00edvel o desenvolvimento de estudos que possam possibilitar, \u00e0 sociedade em geral e \u00e0 categoria profissional, um olhar ampliado sobre as especificidades que comp\u00f5em este espa\u00e7o s\u00f3cio-ocupacional do assistente social. Sendo assim, o presente trabalho de conclus\u00e3o de curso tem por objetivo analisar as particularidades da atua\u00e7\u00e3o do assistente social no sistema prisional, considerando aspectos relevantes ao desenvolvimento de seus processos de trabalho no cen\u00e1rio contempor\u00e2neo. Al\u00e9m disso, com um car\u00e1ter qualitativo e pautado no m\u00e9todo do materialismo hist\u00f3rico- dial\u00e9tico, o trabalho teve como procedimentos metodol\u00f3gicos a pesquisa bibliogr\u00e1fica, que inicialmente direcionou-se \u00e0s reflex\u00f5es acerca das peculiaridades s\u00f3cio-hist\u00f3ricas do sistema prisional e sua rela\u00e7\u00e3o com o Servi\u00e7o Social e, ap\u00f3s isso, ressaltou-se \u00e0s particularidades da atua\u00e7\u00e3o do assistente social com base em literatura j\u00e1 existente e retirada de bancos de dados como Google Acad\u00eamico, SCIELO, dentre outros. Como principais resultados da pesquisa, verificou-se que o trabalho do assistente social \u00e9 potencialmente relevante, que atrav\u00e9s dos seus processos de planejamento, gest\u00e3o, execu\u00e7\u00e3o e avalia\u00e7\u00e3o de programas e projetos nos espa\u00e7os das pris\u00f5es, coadunam essas atividades \u00e0 garantia de direitos humanos e sociais, apesar dos desafios e limites institucionais que se fazem presentes no cotidiano da atua\u00e7\u00e3o do profissional.<\/p>\n","protected":false},"featured_media":12366,"parent":0,"menu_order":0,"comment_status":"closed","ping_status":"closed","template":"","format":"standard","class_list":["post-12346","tnc_col_317_item","type-tnc_col_317_item","status-publish","format-standard","has-post-thumbnail","hentry"],"_links":{"self":[{"href":"https:\/\/edufor.com.br\/repositorio\/wp-json\/wp\/v2\/tnc_col_317_item\/12346","targetHints":{"allow":["GET"]}}],"collection":[{"href":"https:\/\/edufor.com.br\/repositorio\/wp-json\/wp\/v2\/tnc_col_317_item"}],"about":[{"href":"https:\/\/edufor.com.br\/repositorio\/wp-json\/wp\/v2\/types\/tnc_col_317_item"}],"replies":[{"embeddable":true,"href":"https:\/\/edufor.com.br\/repositorio\/wp-json\/wp\/v2\/comments?post=12346"}],"version-history":[{"count":5,"href":"https:\/\/edufor.com.br\/repositorio\/wp-json\/wp\/v2\/tnc_col_317_item\/12346\/revisions"}],"predecessor-version":[{"id":24127,"href":"https:\/\/edufor.com.br\/repositorio\/wp-json\/wp\/v2\/tnc_col_317_item\/12346\/revisions\/24127"}],"wp:featuredmedia":[{"embeddable":true,"href":"https:\/\/edufor.com.br\/repositorio\/wp-json\/wp\/v2\/media\/12366"}],"wp:attachment":[{"href":"https:\/\/edufor.com.br\/repositorio\/wp-json\/wp\/v2\/media?parent=12346"}],"curies":[{"name":"wp","href":"https:\/\/api.w.org\/{rel}","templated":true}]}}

A atuação do serviço social no sistema prisional: uma revisão bibliográfica sobre os principais aspectos de intervenção

<p>Com o aumento da população carcerária no Brasil, novas problemáticas foram impostas ao contexto do encarceramento em massa de grupos subalternizados historicamente. Diante dessa circunstância, o assistente social passa a ser demandado a atuar junto ao sistema prisional, sobretudo no que tange à garantia dos direitos humanos e de desenvolvimento de projetos vinculados ao processo de ressocialização dos sujeitos presos. Deste modo, como é um espaço em que as expressões da chamada “questão social”, a qual se caracteriza objeto de trabalho do assistente social, se reproduzem em larga medida, torna-se imprescindível o desenvolvimento de estudos que possam possibilitar, à sociedade em geral e à categoria profissional, um olhar ampliado sobre as especificidades que compõem este espaço sócio-ocupacional do assistente social. Sendo assim, o presente trabalho de conclusão de curso tem por objetivo analisar as particularidades da atuação do assistente social no sistema prisional, considerando aspectos relevantes ao desenvolvimento de seus processos de trabalho no cenário contemporâneo. Além disso, com um caráter qualitativo e pautado no método do materialismo histórico- dialético, o trabalho teve como procedimentos metodológicos a pesquisa bibliográfica, que inicialmente direcionou-se às reflexões acerca das peculiaridades sócio-históricas do sistema prisional e sua relação com o Serviço Social e, após isso, ressaltou-se às particularidades da atuação do assistente social com base em literatura já existente e retirada de bancos de dados como Google Acadêmico, SCIELO, dentre outros. Como principais resultados da pesquisa, verificou-se que o trabalho do assistente social é potencialmente relevante, que através dos seus processos de planejamento, gestão, execução e avaliação de programas e projetos nos espaços das prisões, coadunam essas atividades à garantia de direitos humanos e sociais, apesar dos desafios e limites institucionais que se fazem presentes no cotidiano da atuação do profissional.</p>
