{"id":10680,"date":"2023-08-03T08:50:56","date_gmt":"2023-08-03T11:50:56","guid":{"rendered":"https:\/\/edufor.com.br\/repositorio\/?post_type=tnc_col_317_item&#038;p=10680"},"modified":"2025-02-04T11:02:56","modified_gmt":"2025-02-04T14:02:56","slug":"servico-social-e-populacao-negra-um-estudo-sobre-a-atuacao-do-a-assistente-social-no-centro-de-cultura-negra-do-maranhao-ccn-ma","status":"publish","type":"tnc_col_317_item","link":"https:\/\/edufor.com.br\/repositorio\/servico-social\/servico-social-e-populacao-negra-um-estudo-sobre-a-atuacao-do-a-assistente-social-no-centro-de-cultura-negra-do-maranhao-ccn-ma\/","title":{"rendered":"Servi\u00e7o social e popula\u00e7\u00e3o negra: um estudo sobre a atua\u00e7\u00e3o do\/a assistente social no Centro de Cultura Negra do Maranh\u00e3o (CCN\/MA)"},"content":{"rendered":"<p>A presente pesquisa tem como finalidade um estudo acerca do Servi\u00e7o Social no \u00e2mbito das contribui\u00e7\u00f5es profissionais para com a popula\u00e7\u00e3o negra, mais especificamente no que tange \u00e0s particularidades da atua\u00e7\u00e3o profissional Centro de Cultura Negra do estado do Maranh\u00e3o (CCN\/MA), localizado no munic\u00edpio de S\u00e3o Lu\u00eds\/MA. Dessa forma, objetiva-se compreender a atua\u00e7\u00e3o do assistente social frente ao desenvolvimento de projetos e a\u00e7\u00f5es de fortalecimento da cultura e dos direitos sociais da popula\u00e7\u00e3o negra. Para isso, foi necess\u00e1rio um resgate s\u00f3cio-hist\u00f3rico da popula\u00e7\u00e3o negra no Brasil, dando \u00eanfase a constru\u00e7\u00e3o das rela\u00e7\u00f5es colonialistas e racistas, at\u00e9 o contexto dos impactos do racismo estrutural para o processo de garantia de direitos dessa popula\u00e7\u00e3o no cen\u00e1rio da contemporaneidade. Todo esse levantamento bibliogr\u00e1fico teve como aparato te\u00f3rico-metodol\u00f3gico o m\u00e9todo materialismo hist\u00f3rico-dial\u00e9tico, assim como as discuss\u00f5es que sucederam este cap\u00edtulo, que disp\u00f5e das especificidades do processo de inser\u00e7\u00e3o do Servi\u00e7o Social nos debates sobre a quest\u00e3o \u00e9tnico-racial. Por fim, foi realizada uma pesquisa de campo, atrav\u00e9s de uma entrevista semiestruturada com o\/a profissional de Servi\u00e7o Social do Centro de Cultura Negra do Maranh\u00e3o (CCN\/MA), com a finalidade de analisar a realidade do assistente social nesta importante institui\u00e7\u00e3o para a popula\u00e7\u00e3o negra do estado. Como resultado, foi poss\u00edvel apreender os principais aspectos do trabalho do assistente social no que tange o planejamento, a elabora\u00e7\u00e3o e a execu\u00e7\u00e3o de projetos para a popula\u00e7\u00e3o negra, fomentando o incentivo \u00e0 cultura, \u00e0 educa\u00e7\u00e3o e a eixos em que a institui\u00e7\u00e3o desenvolve projetos sociais.<\/p>\n","protected":false},"featured_media":10713,"parent":0,"menu_order":0,"comment_status":"closed","ping_status":"closed","template":"","format":"standard","class_list":["post-10680","tnc_col_317_item","type-tnc_col_317_item","status-publish","format-standard","has-post-thumbnail","hentry"],"_links":{"self":[{"href":"https:\/\/edufor.com.br\/repositorio\/wp-json\/wp\/v2\/tnc_col_317_item\/10680","targetHints":{"allow":["GET"]}}],"collection":[{"href":"https:\/\/edufor.com.br\/repositorio\/wp-json\/wp\/v2\/tnc_col_317_item"}],"about":[{"href":"https:\/\/edufor.com.br\/repositorio\/wp-json\/wp\/v2\/types\/tnc_col_317_item"}],"replies":[{"embeddable":true,"href":"https:\/\/edufor.com.br\/repositorio\/wp-json\/wp\/v2\/comments?post=10680"}],"version-history":[{"count":3,"href":"https:\/\/edufor.com.br\/repositorio\/wp-json\/wp\/v2\/tnc_col_317_item\/10680\/revisions"}],"predecessor-version":[{"id":11044,"href":"https:\/\/edufor.com.br\/repositorio\/wp-json\/wp\/v2\/tnc_col_317_item\/10680\/revisions\/11044"}],"wp:featuredmedia":[{"embeddable":true,"href":"https:\/\/edufor.com.br\/repositorio\/wp-json\/wp\/v2\/media\/10713"}],"wp:attachment":[{"href":"https:\/\/edufor.com.br\/repositorio\/wp-json\/wp\/v2\/media?parent=10680"}],"curies":[{"name":"wp","href":"https:\/\/api.w.org\/{rel}","templated":true}]}}

Serviço social e população negra: um estudo sobre a atuação do/a assistente social no Centro de Cultura Negra do Maranhão (CCN/MA)

<p>A presente pesquisa tem como finalidade um estudo acerca do Serviço Social no âmbito das contribuições profissionais para com a população negra, mais especificamente no que tange às particularidades da atuação profissional Centro de Cultura Negra do estado do Maranhão (CCN/MA), localizado no município de São Luís/MA. Dessa forma, objetiva-se compreender a atuação do assistente social frente ao desenvolvimento de projetos e ações de fortalecimento da cultura e dos direitos sociais da população negra. Para isso, foi necessário um resgate sócio-histórico da população negra no Brasil, dando ênfase a construção das relações colonialistas e racistas, até o contexto dos impactos do racismo estrutural para o processo de garantia de direitos dessa população no cenário da contemporaneidade. Todo esse levantamento bibliográfico teve como aparato teórico-metodológico o método materialismo histórico-dialético, assim como as discussões que sucederam este capítulo, que dispõe das especificidades do processo de inserção do Serviço Social nos debates sobre a questão étnico-racial. Por fim, foi realizada uma pesquisa de campo, através de uma entrevista semiestruturada com o/a profissional de Serviço Social do Centro de Cultura Negra do Maranhão (CCN/MA), com a finalidade de analisar a realidade do assistente social nesta importante instituição para a população negra do estado. Como resultado, foi possível apreender os principais aspectos do trabalho do assistente social no que tange o planejamento, a elaboração e a execução de projetos para a população negra, fomentando o incentivo à cultura, à educação e a eixos em que a instituição desenvolve projetos sociais.</p>
