{"id":10666,"date":"2023-08-03T08:50:52","date_gmt":"2023-08-03T11:50:52","guid":{"rendered":"https:\/\/edufor.com.br\/repositorio\/?post_type=tnc_col_317_item&#038;p=10666"},"modified":"2025-02-04T11:03:09","modified_gmt":"2025-02-04T14:03:09","slug":"o-trabalho-do-assistente-social-no-cras","status":"publish","type":"tnc_col_317_item","link":"https:\/\/edufor.com.br\/repositorio\/servico-social\/o-trabalho-do-assistente-social-no-cras\/","title":{"rendered":"O trabalho do assistente social no CRAS"},"content":{"rendered":"<p>As &#8220;quest\u00f5es sociais&#8221; fazem parte do dia a dia dos assistentes sociais em seus ambientes de trabalho e, portanto, envolvem um grupo de usu\u00e1rios dos servi\u00e7os assistenciais, cada qual com seus atributos e demandas pr\u00f3prias. A preocupa\u00e7\u00e3o do Estado com o bem-estar social dos seus usu\u00e1rios, que neste caso particular s\u00e3o relativamente incapazes de exercer autonomamente os atos da vida c\u00edvica. E diante deste cen\u00e1rio surge assim os CRAS \u2013 Centro de Refer\u00eancia da Assist\u00eancia Social, pautado na relev\u00e2ncia deste profissional, visto que a maioria das demandas que chegam aos CRAS s\u00e3o destinadas a estes profissionais. S\u00e3o usu\u00e1rios de prote\u00e7\u00e3o social b\u00e1sica que buscam solu\u00e7\u00f5es para os seus problemas. CRAS \u00e9 unidade p\u00fablica estatal descentralizada da pol\u00edtica de assist\u00eancia social respons\u00e1vel pela organiza\u00e7\u00e3o e oferta de servi\u00e7o da prote\u00e7\u00e3o social b\u00e1sica do Sistema \u00danico da assist\u00eancia Social (SUAS), nas \u00e1reas de vulnerabilidade e risco social. Diante desse contexto o objetivo geral do presente estudo busca refletir sobre a atua\u00e7\u00e3o do trabalho do assistente social no Centro de Refer\u00eancia da Assistente Social. A metodologia aplicada trata-se de uma revis\u00e3o bibliogr\u00e1fica, utilizando como m\u00e9todo qualitativo e descritivo, a busca foi realizada atrav\u00e9s dos buscadores eletr\u00f4nicos, revistas cient\u00edficas, monografias e teses envolvendo a tem\u00e1tica discutida sobre Servi\u00e7o Social. Al\u00e9m disso, conclui-se o assistente social coloca-se neste contexto como profissional intelectual capaz de pensar e operacionalizar a pol\u00edtica de assist\u00eancia social sob um vi\u00e9s cr\u00edtico e da perspectiva de direito.<\/p>\n","protected":false},"featured_media":10704,"parent":0,"menu_order":0,"comment_status":"closed","ping_status":"closed","template":"","format":"standard","class_list":["post-10666","tnc_col_317_item","type-tnc_col_317_item","status-publish","format-standard","has-post-thumbnail","hentry"],"_links":{"self":[{"href":"https:\/\/edufor.com.br\/repositorio\/wp-json\/wp\/v2\/tnc_col_317_item\/10666","targetHints":{"allow":["GET"]}}],"collection":[{"href":"https:\/\/edufor.com.br\/repositorio\/wp-json\/wp\/v2\/tnc_col_317_item"}],"about":[{"href":"https:\/\/edufor.com.br\/repositorio\/wp-json\/wp\/v2\/types\/tnc_col_317_item"}],"replies":[{"embeddable":true,"href":"https:\/\/edufor.com.br\/repositorio\/wp-json\/wp\/v2\/comments?post=10666"}],"version-history":[{"count":3,"href":"https:\/\/edufor.com.br\/repositorio\/wp-json\/wp\/v2\/tnc_col_317_item\/10666\/revisions"}],"predecessor-version":[{"id":11015,"href":"https:\/\/edufor.com.br\/repositorio\/wp-json\/wp\/v2\/tnc_col_317_item\/10666\/revisions\/11015"}],"wp:featuredmedia":[{"embeddable":true,"href":"https:\/\/edufor.com.br\/repositorio\/wp-json\/wp\/v2\/media\/10704"}],"wp:attachment":[{"href":"https:\/\/edufor.com.br\/repositorio\/wp-json\/wp\/v2\/media?parent=10666"}],"curies":[{"name":"wp","href":"https:\/\/api.w.org\/{rel}","templated":true}]}}

<p>As &#8220;questões sociais&#8221; fazem parte do dia a dia dos assistentes sociais em seus ambientes de trabalho e, portanto, envolvem um grupo de usuários dos serviços assistenciais, cada qual com seus atributos e demandas próprias. A preocupação do Estado com o bem-estar social dos seus usuários, que neste caso particular são relativamente incapazes de exercer autonomamente os atos da vida cívica. E diante deste cenário surge assim os CRAS – Centro de Referência da Assistência Social, pautado na relevância deste profissional, visto que a maioria das demandas que chegam aos CRAS são destinadas a estes profissionais. São usuários de proteção social básica que buscam soluções para os seus problemas. CRAS é unidade pública estatal descentralizada da política de assistência social responsável pela organização e oferta de serviço da proteção social básica do Sistema Único da assistência Social (SUAS), nas áreas de vulnerabilidade e risco social. Diante desse contexto o objetivo geral do presente estudo busca refletir sobre a atuação do trabalho do assistente social no Centro de Referência da Assistente Social. A metodologia aplicada trata-se de uma revisão bibliográfica, utilizando como método qualitativo e descritivo, a busca foi realizada através dos buscadores eletrônicos, revistas científicas, monografias e teses envolvendo a temática discutida sobre Serviço Social. Além disso, conclui-se o assistente social coloca-se neste contexto como profissional intelectual capaz de pensar e operacionalizar a política de assistência social sob um viés crítico e da perspectiva de direito.</p>
