{"id":10656,"date":"2023-08-03T08:50:49","date_gmt":"2023-08-03T11:50:49","guid":{"rendered":"https:\/\/edufor.com.br\/repositorio\/?post_type=tnc_col_317_item&#038;p=10656"},"modified":"2025-02-04T11:03:41","modified_gmt":"2025-02-04T14:03:41","slug":"a-atuacao-do-assistente-social-frente-aos-casos-de-violencia-contra-a-pessoa-idosa-atendidos-no-creas-sol-e-mar-sao-luis-ma","status":"publish","type":"tnc_col_317_item","link":"https:\/\/edufor.com.br\/repositorio\/servico-social\/a-atuacao-do-assistente-social-frente-aos-casos-de-violencia-contra-a-pessoa-idosa-atendidos-no-creas-sol-e-mar-sao-luis-ma\/","title":{"rendered":"A atua\u00e7\u00e3o do assistente social frente aos casos de viol\u00eancia contra a pessoa idosa atendidos no CREAS Sol e Mar \u2013 S\u00e3o Lu\u00eds Ma"},"content":{"rendered":"<p>A presente pesquisa aborda a atua\u00e7\u00e3o do assistente social no CREAS (Centro de Refer\u00eancia Especializado de Assist\u00eancia Social) Sol e Mar, e busca identificar como s\u00e3o atendidos e encaminhados as demandas de viol\u00eancia contra pessoa idosa no referido local e como \u00e9 realizada a articula\u00e7\u00e3o em rede, bem como a oferta de pol\u00edticas p\u00fablicas voltadas a essa popula\u00e7\u00e3o. O atuar profissional do Assistente Social em um CREAS, \u00e9 de extrema import\u00e2ncia na articula\u00e7\u00e3o e mobiliza\u00e7\u00e3o da rede de prote\u00e7\u00e3o e defesa dos direitos dos indiv\u00edduos, em espec\u00edfico da pessoa idosa, buscando \u00e0 luz do Estatuto da Pessoa Idosa, da Pol\u00edtica Nacional da Pessoa Idosa e demais \u00f3rg\u00e3os, a efetiva\u00e7\u00e3o de seus direitos e a\u00e7\u00f5es que contribuam para o combate e o enfrentamento da viol\u00eancia. Para tanto, foi utilizado como m\u00e9todo de coleta de dados a pesquisa bibliogr\u00e1fica em rela\u00e7\u00e3o ao objeto investigado no qual objetiva o contato direto do pesquisador com o que j\u00e1 foi produzido\/escrito a respeito do assunto; utilizou-se tamb\u00e9m a pesquisa qualitativa a qual visa compreender a complexidade do problema por meio da observa\u00e7\u00e3o, interpreta\u00e7\u00e3o dos fatos, coleta de informa\u00e7\u00f5es e realiza\u00e7\u00e3o de entrevistas com assistentes sociais que atuam no CREAS.<\/p>\n","protected":false},"featured_media":10710,"parent":0,"menu_order":0,"comment_status":"closed","ping_status":"closed","template":"","format":"standard","class_list":["post-10656","tnc_col_317_item","type-tnc_col_317_item","status-publish","format-standard","has-post-thumbnail","hentry"],"_links":{"self":[{"href":"https:\/\/edufor.com.br\/repositorio\/wp-json\/wp\/v2\/tnc_col_317_item\/10656","targetHints":{"allow":["GET"]}}],"collection":[{"href":"https:\/\/edufor.com.br\/repositorio\/wp-json\/wp\/v2\/tnc_col_317_item"}],"about":[{"href":"https:\/\/edufor.com.br\/repositorio\/wp-json\/wp\/v2\/types\/tnc_col_317_item"}],"replies":[{"embeddable":true,"href":"https:\/\/edufor.com.br\/repositorio\/wp-json\/wp\/v2\/comments?post=10656"}],"version-history":[{"count":3,"href":"https:\/\/edufor.com.br\/repositorio\/wp-json\/wp\/v2\/tnc_col_317_item\/10656\/revisions"}],"predecessor-version":[{"id":10916,"href":"https:\/\/edufor.com.br\/repositorio\/wp-json\/wp\/v2\/tnc_col_317_item\/10656\/revisions\/10916"}],"wp:featuredmedia":[{"embeddable":true,"href":"https:\/\/edufor.com.br\/repositorio\/wp-json\/wp\/v2\/media\/10710"}],"wp:attachment":[{"href":"https:\/\/edufor.com.br\/repositorio\/wp-json\/wp\/v2\/media?parent=10656"}],"curies":[{"name":"wp","href":"https:\/\/api.w.org\/{rel}","templated":true}]}}

A atuação do assistente social frente aos casos de violência contra a pessoa idosa atendidos no CREAS Sol e Mar – São Luís Ma

<p>A presente pesquisa aborda a atuação do assistente social no CREAS (Centro de Referência Especializado de Assistência Social) Sol e Mar, e busca identificar como são atendidos e encaminhados as demandas de violência contra pessoa idosa no referido local e como é realizada a articulação em rede, bem como a oferta de políticas públicas voltadas a essa população. O atuar profissional do Assistente Social em um CREAS, é de extrema importância na articulação e mobilização da rede de proteção e defesa dos direitos dos indivíduos, em específico da pessoa idosa, buscando à luz do Estatuto da Pessoa Idosa, da Política Nacional da Pessoa Idosa e demais órgãos, a efetivação de seus direitos e ações que contribuam para o combate e o enfrentamento da violência. Para tanto, foi utilizado como método de coleta de dados a pesquisa bibliográfica em relação ao objeto investigado no qual objetiva o contato direto do pesquisador com o que já foi produzido/escrito a respeito do assunto; utilizou-se também a pesquisa qualitativa a qual visa compreender a complexidade do problema por meio da observação, interpretação dos fatos, coleta de informações e realização de entrevistas com assistentes sociais que atuam no CREAS.</p>
