{"id":10652,"date":"2023-08-03T08:50:48","date_gmt":"2023-08-03T11:50:48","guid":{"rendered":"https:\/\/edufor.com.br\/repositorio\/?post_type=tnc_col_317_item&#038;p=10652"},"modified":"2025-02-04T11:04:17","modified_gmt":"2025-02-04T14:04:17","slug":"servico-social-no-sociojuridico-um-estudo-sobre-a-instrumentalidade-na-atuacao-do-assistente-social","status":"publish","type":"tnc_col_317_item","link":"https:\/\/edufor.com.br\/repositorio\/servico-social\/servico-social-no-sociojuridico-um-estudo-sobre-a-instrumentalidade-na-atuacao-do-assistente-social\/","title":{"rendered":"Servi\u00e7o social no sociojur\u00eddico: um estudo sobre a instrumentalidade na atua\u00e7\u00e3o do assistente social"},"content":{"rendered":"<p>Este estudo aborda acerca da Instrumentalidade e inser\u00e7\u00e3o do servi\u00e7o social na \u00e1rea do s\u00f3cio jur\u00eddico. O objetivo geral se voltou a analisar a instrumentalidade do assistente social no \u00e2mbito do sociojur\u00eddico, e os objetivos espec\u00edficos se delimitaram em caracterizar os principais instrumentos t\u00e9cnico-operativo utilizados pelo servi\u00e7o social nesta \u00e1rea, e por fim analisar os principais espa\u00e7os s\u00f3cio-ocupacionais que que comp\u00f5em o s\u00f3cio jur\u00eddico, bem como compreender os desafios e limita\u00e7\u00f5es postos a categoria na contemporaneidade nesses espa\u00e7os. Para elabora\u00e7\u00e3o da pesquisa, a metodologia se direcionou para a pesquisa bibliogr\u00e1fica, de cunho explorat\u00f3rio, descritivo e explicativo. Visualizou-se que o \u00e2mbito sociojur\u00eddico \u00e9 um espa\u00e7o permeado por contradi\u00e7\u00f5es, tanto pelas limita\u00e7\u00f5es institucionais quanto pela correla\u00e7\u00e3o de for\u00e7as entre estado e sociedade. Assim, cabe enfatizar que ao mesmo passo que assistentes sociais buscam se posicionar na defesa e garantia do acesso dos assistidos aos seus direitos e acesso \u00e0s pol\u00edticas sociais existem ainda muitas limita\u00e7\u00f5es. Quanto aos resultados percebe-se que a instrumentalidade como categoria reflete na atua\u00e7\u00e3o profissional dos assistentes sociais, visto que os instrumentos t\u00e9cnico-operativos como o estudo social, laudos e pareceres d\u00e3o contribui\u00e7\u00f5es importantes aos magistrados quanto a percep\u00e7\u00e3o da realidade vivida por essas pessoas, fazendo-os compreender as express\u00f5es da quest\u00e3o social. Portanto, ainda que sejam espa\u00e7os contradit\u00f3rios e voltados a uma \u00f3tica da puni\u00e7\u00e3o e da culpabiliza\u00e7\u00e3o, s\u00e3o espa\u00e7os que vem demandando cada vez mais os profissionais de Servi\u00e7o Social, os espa\u00e7os s\u00f3cio ocupacionais que comp\u00f5em o s\u00f3cio jur\u00eddico s\u00e3o o Judici\u00e1rio, Minist\u00e9rio P\u00fablico, Defensoria P\u00fablica dentre outros espa\u00e7os s\u00f3cioocupacionais.<\/p>\n","protected":false},"featured_media":10707,"parent":0,"menu_order":0,"comment_status":"closed","ping_status":"closed","template":"","format":"standard","class_list":["post-10652","tnc_col_317_item","type-tnc_col_317_item","status-publish","format-standard","has-post-thumbnail","hentry"],"_links":{"self":[{"href":"https:\/\/edufor.com.br\/repositorio\/wp-json\/wp\/v2\/tnc_col_317_item\/10652","targetHints":{"allow":["GET"]}}],"collection":[{"href":"https:\/\/edufor.com.br\/repositorio\/wp-json\/wp\/v2\/tnc_col_317_item"}],"about":[{"href":"https:\/\/edufor.com.br\/repositorio\/wp-json\/wp\/v2\/types\/tnc_col_317_item"}],"replies":[{"embeddable":true,"href":"https:\/\/edufor.com.br\/repositorio\/wp-json\/wp\/v2\/comments?post=10652"}],"version-history":[{"count":3,"href":"https:\/\/edufor.com.br\/repositorio\/wp-json\/wp\/v2\/tnc_col_317_item\/10652\/revisions"}],"predecessor-version":[{"id":10864,"href":"https:\/\/edufor.com.br\/repositorio\/wp-json\/wp\/v2\/tnc_col_317_item\/10652\/revisions\/10864"}],"wp:featuredmedia":[{"embeddable":true,"href":"https:\/\/edufor.com.br\/repositorio\/wp-json\/wp\/v2\/media\/10707"}],"wp:attachment":[{"href":"https:\/\/edufor.com.br\/repositorio\/wp-json\/wp\/v2\/media?parent=10652"}],"curies":[{"name":"wp","href":"https:\/\/api.w.org\/{rel}","templated":true}]}}

Serviço social no sociojurídico: um estudo sobre a instrumentalidade na atuação do assistente social

<p>Este estudo aborda acerca da Instrumentalidade e inserção do serviço social na área do sócio jurídico. O objetivo geral se voltou a analisar a instrumentalidade do assistente social no âmbito do sociojurídico, e os objetivos específicos se delimitaram em caracterizar os principais instrumentos técnico-operativo utilizados pelo serviço social nesta área, e por fim analisar os principais espaços sócio-ocupacionais que que compõem o sócio jurídico, bem como compreender os desafios e limitações postos a categoria na contemporaneidade nesses espaços. Para elaboração da pesquisa, a metodologia se direcionou para a pesquisa bibliográfica, de cunho exploratório, descritivo e explicativo. Visualizou-se que o âmbito sociojurídico é um espaço permeado por contradições, tanto pelas limitações institucionais quanto pela correlação de forças entre estado e sociedade. Assim, cabe enfatizar que ao mesmo passo que assistentes sociais buscam se posicionar na defesa e garantia do acesso dos assistidos aos seus direitos e acesso às políticas sociais existem ainda muitas limitações. Quanto aos resultados percebe-se que a instrumentalidade como categoria reflete na atuação profissional dos assistentes sociais, visto que os instrumentos técnico-operativos como o estudo social, laudos e pareceres dão contribuições importantes aos magistrados quanto a percepção da realidade vivida por essas pessoas, fazendo-os compreender as expressões da questão social. Portanto, ainda que sejam espaços contraditórios e voltados a uma ótica da punição e da culpabilização, são espaços que vem demandando cada vez mais os profissionais de Serviço Social, os espaços sócio ocupacionais que compõem o sócio jurídico são o Judiciário, Ministério Público, Defensoria Pública dentre outros espaços sócioocupacionais.</p>
