{"id":10648,"date":"2023-08-03T08:50:47","date_gmt":"2023-08-03T11:50:47","guid":{"rendered":"https:\/\/edufor.com.br\/repositorio\/?post_type=tnc_col_317_item&#038;p=10648"},"modified":"2025-02-04T11:04:44","modified_gmt":"2025-02-04T14:04:44","slug":"a-atuacao-do-assistente-social-na-saude-mental-caracterizacao-do-trabalho-em-um-hospital-psiquiatrico-de-sao-luis","status":"publish","type":"tnc_col_317_item","link":"https:\/\/edufor.com.br\/repositorio\/servico-social\/a-atuacao-do-assistente-social-na-saude-mental-caracterizacao-do-trabalho-em-um-hospital-psiquiatrico-de-sao-luis\/","title":{"rendered":"A atua\u00e7\u00e3o do assistente social na sa\u00fade mental: caracteriza\u00e7\u00e3o do trabalho em um hospital psiqui\u00e1trico de S\u00e3o Lu\u00eds"},"content":{"rendered":"<p>Este estudo traz o discurso sobre a atua\u00e7\u00e3o do assistente social no campo da Sa\u00fade Mental em um hospital psiqui\u00e1trico de S\u00e3o Lu\u00eds\/MA. Portanto, ao longo do texto foram incorporados elementos sobre a atua\u00e7\u00e3o do assistente social, e os impactos das atividades por ele desenvolvidas que influenciam no cotidiano dos usu\u00e1rios dos servi\u00e7os oferecidos pelo hospital. Nesse sentido, a pesquisa teve como objetivo analisar e compreender a atua\u00e7\u00e3o do assistente social frente aos processos de trabalho contidos nesse ambiente, buscando tamb\u00e9m compreender a forma como o Servi\u00e7o Social contribui para a efetividade dos servi\u00e7os ofertados \u00e0 popula\u00e7\u00e3o que sofre de algum tipo de transtorno mental. Primeiramente, foi necess\u00e1rio apresentar um breve contexto s\u00f3cio-hist\u00f3rico da longa jornada de lutas e conquistas diante dos in\u00fameros problemas sociais existentes na sociedade, referentes ao corpo social e institui\u00e7\u00f5es assistenciais, e as mudan\u00e7as ocorridas no campo de sa\u00fade que culminou em novas formas de lidar com pacientes com transtornos mentais em hospitais psiqui\u00e1tricos. Assim, este trabalho foi constru\u00eddo a partir de pesquisa bibliogr\u00e1fica e tamb\u00e9m de pesquisa de campo, guiada por uma entrevista semiestruturada, que deu suporte para a condu\u00e7\u00e3o da entrevista que contribuiu para a compreens\u00e3o do papel do Servi\u00e7o Social no espa\u00e7o s\u00f3cio-ocupacional da sa\u00fade mental.<\/p>\n","protected":false},"featured_media":10676,"parent":0,"menu_order":0,"comment_status":"closed","ping_status":"closed","template":"","format":"standard","class_list":["post-10648","tnc_col_317_item","type-tnc_col_317_item","status-publish","format-standard","has-post-thumbnail","hentry"],"_links":{"self":[{"href":"https:\/\/edufor.com.br\/repositorio\/wp-json\/wp\/v2\/tnc_col_317_item\/10648","targetHints":{"allow":["GET"]}}],"collection":[{"href":"https:\/\/edufor.com.br\/repositorio\/wp-json\/wp\/v2\/tnc_col_317_item"}],"about":[{"href":"https:\/\/edufor.com.br\/repositorio\/wp-json\/wp\/v2\/types\/tnc_col_317_item"}],"replies":[{"embeddable":true,"href":"https:\/\/edufor.com.br\/repositorio\/wp-json\/wp\/v2\/comments?post=10648"}],"version-history":[{"count":4,"href":"https:\/\/edufor.com.br\/repositorio\/wp-json\/wp\/v2\/tnc_col_317_item\/10648\/revisions"}],"predecessor-version":[{"id":10813,"href":"https:\/\/edufor.com.br\/repositorio\/wp-json\/wp\/v2\/tnc_col_317_item\/10648\/revisions\/10813"}],"wp:featuredmedia":[{"embeddable":true,"href":"https:\/\/edufor.com.br\/repositorio\/wp-json\/wp\/v2\/media\/10676"}],"wp:attachment":[{"href":"https:\/\/edufor.com.br\/repositorio\/wp-json\/wp\/v2\/media?parent=10648"}],"curies":[{"name":"wp","href":"https:\/\/api.w.org\/{rel}","templated":true}]}}

A atuação do assistente social na saúde mental: caracterização do trabalho em um hospital psiquiátrico de São Luís

<p>Este estudo traz o discurso sobre a atuação do assistente social no campo da Saúde Mental em um hospital psiquiátrico de São Luís/MA. Portanto, ao longo do texto foram incorporados elementos sobre a atuação do assistente social, e os impactos das atividades por ele desenvolvidas que influenciam no cotidiano dos usuários dos serviços oferecidos pelo hospital. Nesse sentido, a pesquisa teve como objetivo analisar e compreender a atuação do assistente social frente aos processos de trabalho contidos nesse ambiente, buscando também compreender a forma como o Serviço Social contribui para a efetividade dos serviços ofertados à população que sofre de algum tipo de transtorno mental. Primeiramente, foi necessário apresentar um breve contexto sócio-histórico da longa jornada de lutas e conquistas diante dos inúmeros problemas sociais existentes na sociedade, referentes ao corpo social e instituições assistenciais, e as mudanças ocorridas no campo de saúde que culminou em novas formas de lidar com pacientes com transtornos mentais em hospitais psiquiátricos. Assim, este trabalho foi construído a partir de pesquisa bibliográfica e também de pesquisa de campo, guiada por uma entrevista semiestruturada, que deu suporte para a condução da entrevista que contribuiu para a compreensão do papel do Serviço Social no espaço sócio-ocupacional da saúde mental.</p>
