{"id":10644,"date":"2023-08-03T08:50:46","date_gmt":"2023-08-03T11:50:46","guid":{"rendered":"https:\/\/edufor.com.br\/repositorio\/?post_type=tnc_col_317_item&#038;p=10644"},"modified":"2025-02-04T11:05:16","modified_gmt":"2025-02-04T14:05:16","slug":"a-atuacao-do-assistente-social-na-saude-mental-analise-da-intervencao-profissional-em-um-hospital-psiquiatrico-de-sao-luis-ma","status":"publish","type":"tnc_col_317_item","link":"https:\/\/edufor.com.br\/repositorio\/servico-social\/a-atuacao-do-assistente-social-na-saude-mental-analise-da-intervencao-profissional-em-um-hospital-psiquiatrico-de-sao-luis-ma\/","title":{"rendered":"A atua\u00e7\u00e3o do assistente social na sa\u00fade mental: an\u00e1lise da interven\u00e7\u00e3o profissional em um hospital psiqui\u00e1trico de S\u00e3o Lu\u00eds-MA"},"content":{"rendered":"<p>Este trabalho aborda sobre a atua\u00e7\u00e3o do\/a assistente social na sa\u00fade mental. Diante do exposto, o objetivo da pesquisa voltou-se para an\u00e1lise dos principais processos de trabalho desenvolvidos pelo assistente social em um Hospital Psiqui\u00e1trico em S\u00e3o Lu\u00eds-MA. Os objetivos espec\u00edficos ficaram delimitados em realizar um levantamento s\u00f3cio-hist\u00f3rico da atua\u00e7\u00e3o do Servi\u00e7o Social no Brasil; analisar o percurso hist\u00f3rico da Pol\u00edtica de Sa\u00fade Mental e seus principais desafios; levantar dados a respeito da atua\u00e7\u00e3o do\/a Assistente Social em um Hospital voltado \u00e0 sa\u00fade mental em S\u00e3o Lu\u00eds-MA. Para tal, buscou-se realizar um estudo acerca das transforma\u00e7\u00f5es do Servi\u00e7o Social ao longo da hist\u00f3ria, considerando os contextos pol\u00edtico, econ\u00f4mico e social que propiciaram o pr\u00f3prio surgimento da profiss\u00e3o, bem como, influenciaram suas pr\u00e1ticas e concep\u00e7\u00f5es. Face a isso, elencou-se considera\u00e7\u00f5es hist\u00f3ricas acerca da Loucura no mundo e no Brasil, como essa concep\u00e7\u00e3o se desenvolveu e se transformou ao longo dos s\u00e9culos at\u00e9 chegar \u00e0 compreens\u00e3o atual de sa\u00fade mental que necessita de aten\u00e7\u00e3o e cuidado em sua totalidade. Nesse sentido, enfatiza-se acerca das Pol\u00edticas Sociais voltadas para a assist\u00eancia \u00e0 sa\u00fade mental, que abrange n\u00e3o s\u00f3 o tratamento m\u00e9dico, mas que engloba o social. Em suma, para a elabora\u00e7\u00e3o desta pesquisa, a metodologia se direcionou para a pesquisa bibliogr\u00e1fica, que ocorreu em livros, artigos, monografias e documentos. Ademais foi realizada uma pesquisa de campo qualitativa. Quanto a conclus\u00e3o da pesquisa, ressalta-se que apesar das problem\u00e1ticas que envolvem a sa\u00fade mental, devido o sistema neoliberal vigente, \u00e9 primordial a inser\u00e7\u00e3o do assistente social nesse campo, uma vez que o profissional atrav\u00e9s do seu arcabou\u00e7o te\u00f3rico-metodol\u00f3gico, \u00e9tico-pol\u00edtico e t\u00e9cnico- operativo \u00e9 capacitado a intervir na realidade social das pessoas com transtornos mentais, cooperando assim para que os direitos dessas pessoas sejam garantidos.<\/p>\n","protected":false},"featured_media":10695,"parent":0,"menu_order":0,"comment_status":"closed","ping_status":"closed","template":"","format":"standard","class_list":["post-10644","tnc_col_317_item","type-tnc_col_317_item","status-publish","format-standard","has-post-thumbnail","hentry"],"_links":{"self":[{"href":"https:\/\/edufor.com.br\/repositorio\/wp-json\/wp\/v2\/tnc_col_317_item\/10644","targetHints":{"allow":["GET"]}}],"collection":[{"href":"https:\/\/edufor.com.br\/repositorio\/wp-json\/wp\/v2\/tnc_col_317_item"}],"about":[{"href":"https:\/\/edufor.com.br\/repositorio\/wp-json\/wp\/v2\/types\/tnc_col_317_item"}],"replies":[{"embeddable":true,"href":"https:\/\/edufor.com.br\/repositorio\/wp-json\/wp\/v2\/comments?post=10644"}],"version-history":[{"count":3,"href":"https:\/\/edufor.com.br\/repositorio\/wp-json\/wp\/v2\/tnc_col_317_item\/10644\/revisions"}],"predecessor-version":[{"id":10760,"href":"https:\/\/edufor.com.br\/repositorio\/wp-json\/wp\/v2\/tnc_col_317_item\/10644\/revisions\/10760"}],"wp:featuredmedia":[{"embeddable":true,"href":"https:\/\/edufor.com.br\/repositorio\/wp-json\/wp\/v2\/media\/10695"}],"wp:attachment":[{"href":"https:\/\/edufor.com.br\/repositorio\/wp-json\/wp\/v2\/media?parent=10644"}],"curies":[{"name":"wp","href":"https:\/\/api.w.org\/{rel}","templated":true}]}}

A atuação do assistente social na saúde mental: análise da intervenção profissional em um hospital psiquiátrico de São Luís-MA

<p>Este trabalho aborda sobre a atuação do/a assistente social na saúde mental. Diante do exposto, o objetivo da pesquisa voltou-se para análise dos principais processos de trabalho desenvolvidos pelo assistente social em um Hospital Psiquiátrico em São Luís-MA. Os objetivos específicos ficaram delimitados em realizar um levantamento sócio-histórico da atuação do Serviço Social no Brasil; analisar o percurso histórico da Política de Saúde Mental e seus principais desafios; levantar dados a respeito da atuação do/a Assistente Social em um Hospital voltado à saúde mental em São Luís-MA. Para tal, buscou-se realizar um estudo acerca das transformações do Serviço Social ao longo da história, considerando os contextos político, econômico e social que propiciaram o próprio surgimento da profissão, bem como, influenciaram suas práticas e concepções. Face a isso, elencou-se considerações históricas acerca da Loucura no mundo e no Brasil, como essa concepção se desenvolveu e se transformou ao longo dos séculos até chegar à compreensão atual de saúde mental que necessita de atenção e cuidado em sua totalidade. Nesse sentido, enfatiza-se acerca das Políticas Sociais voltadas para a assistência à saúde mental, que abrange não só o tratamento médico, mas que engloba o social. Em suma, para a elaboração desta pesquisa, a metodologia se direcionou para a pesquisa bibliográfica, que ocorreu em livros, artigos, monografias e documentos. Ademais foi realizada uma pesquisa de campo qualitativa. Quanto a conclusão da pesquisa, ressalta-se que apesar das problemáticas que envolvem a saúde mental, devido o sistema neoliberal vigente, é primordial a inserção do assistente social nesse campo, uma vez que o profissional através do seu arcabouço teórico-metodológico, ético-político e técnico- operativo é capacitado a intervir na realidade social das pessoas com transtornos mentais, cooperando assim para que os direitos dessas pessoas sejam garantidos.</p>
