{"id":1007,"date":"2021-12-20T09:34:14","date_gmt":"2021-12-20T12:34:14","guid":{"rendered":"https:\/\/edufor.com.br\/repositorio\/?post_type=tnc_col_317_item&#038;p=1007"},"modified":"2025-02-04T11:19:55","modified_gmt":"2025-02-04T14:19:55","slug":"politicas-publicas-em-tempos-de-pandemia-uma-analise-acerca-dos-aspectos-sociais-do-covid-19","status":"publish","type":"tnc_col_317_item","link":"https:\/\/edufor.com.br\/repositorio\/servico-social\/politicas-publicas-em-tempos-de-pandemia-uma-analise-acerca-dos-aspectos-sociais-do-covid-19\/","title":{"rendered":"Pol\u00edticas p\u00fablicas em tempos de pandemia: uma an\u00e1lise acerca dos aspectos sociais do COVID-19"},"content":{"rendered":"<p>Este trabalho tem por intuito abordar as pol\u00edticas p\u00fablicas em tempos de pandemia, com foco de an\u00e1lise no Aux\u00edlio Emergencial, implementado no pa\u00eds a partir do ano de 2020. Para tanto, estabelece-se uma discuss\u00e3o sobre os conceitos de pol\u00edticas p\u00fablicas, abordando-se o Estado e os padr\u00f5es de prote\u00e7\u00e3o no contexto do Estado de Bem-estar social. A pesquisa apontou a centralidade unilateral no Aux\u00edlio como medida de amparo \u00e0 sociedade, mas denotando que o mesmo apresenta fragilidades tendo em vista o conjunto de fatores que foram afetados. Com base nisso, foram apontados elementos sociais que foram impactados em virtude do Covid-19, e as necessidades impostas \u00e0s pessoas mais vulnerabilidades que n\u00e3o possuem condi\u00e7\u00e3o de se isolar. Este estudo se refere \u00e0 uma revis\u00e3o bibliogr\u00e1fica.<\/p>\n","protected":false},"featured_media":1059,"parent":0,"menu_order":0,"comment_status":"closed","ping_status":"closed","template":"","format":"standard","class_list":["post-1007","tnc_col_317_item","type-tnc_col_317_item","status-publish","format-standard","has-post-thumbnail","hentry"],"_links":{"self":[{"href":"https:\/\/edufor.com.br\/repositorio\/wp-json\/wp\/v2\/tnc_col_317_item\/1007","targetHints":{"allow":["GET"]}}],"collection":[{"href":"https:\/\/edufor.com.br\/repositorio\/wp-json\/wp\/v2\/tnc_col_317_item"}],"about":[{"href":"https:\/\/edufor.com.br\/repositorio\/wp-json\/wp\/v2\/types\/tnc_col_317_item"}],"replies":[{"embeddable":true,"href":"https:\/\/edufor.com.br\/repositorio\/wp-json\/wp\/v2\/comments?post=1007"}],"version-history":[{"count":7,"href":"https:\/\/edufor.com.br\/repositorio\/wp-json\/wp\/v2\/tnc_col_317_item\/1007\/revisions"}],"predecessor-version":[{"id":24447,"href":"https:\/\/edufor.com.br\/repositorio\/wp-json\/wp\/v2\/tnc_col_317_item\/1007\/revisions\/24447"}],"wp:featuredmedia":[{"embeddable":true,"href":"https:\/\/edufor.com.br\/repositorio\/wp-json\/wp\/v2\/media\/1059"}],"wp:attachment":[{"href":"https:\/\/edufor.com.br\/repositorio\/wp-json\/wp\/v2\/media?parent=1007"}],"curies":[{"name":"wp","href":"https:\/\/api.w.org\/{rel}","templated":true}]}}

Políticas públicas em tempos de pandemia: uma análise acerca dos aspectos sociais do COVID-19

<p>Este trabalho tem por intuito abordar as políticas públicas em tempos de pandemia, com foco de análise no Auxílio Emergencial, implementado no país a partir do ano de 2020. Para tanto, estabelece-se uma discussão sobre os conceitos de políticas públicas, abordando-se o Estado e os padrões de proteção no contexto do Estado de Bem-estar social. A pesquisa apontou a centralidade unilateral no Auxílio como medida de amparo à sociedade, mas denotando que o mesmo apresenta fragilidades tendo em vista o conjunto de fatores que foram afetados. Com base nisso, foram apontados elementos sociais que foram impactados em virtude do Covid-19, e as necessidades impostas às pessoas mais vulnerabilidades que não possuem condição de se isolar. Este estudo se refere à uma revisão bibliográfica.</p>
