{"id":1003,"date":"2021-12-20T09:34:14","date_gmt":"2021-12-20T12:34:14","guid":{"rendered":"https:\/\/edufor.com.br\/repositorio\/?post_type=tnc_col_317_item&#038;p=1003"},"modified":"2025-02-04T11:20:50","modified_gmt":"2025-02-04T14:20:50","slug":"a-politica-de-assistencia-social-e-a-populacao-em-situacao-de-rua-uma-analise-acerca-dos-servicos-do-centro-pop","status":"publish","type":"tnc_col_317_item","link":"https:\/\/edufor.com.br\/repositorio\/servico-social\/a-politica-de-assistencia-social-e-a-populacao-em-situacao-de-rua-uma-analise-acerca-dos-servicos-do-centro-pop\/","title":{"rendered":"A pol\u00edtica de assist\u00eancia social e a popula\u00e7\u00e3o em situa\u00e7\u00e3o de rua: uma an\u00e1lise acerca dos servi\u00e7os do Centro Pop"},"content":{"rendered":"<p>As pessoas em situa\u00e7\u00e3o de rua se encontram constantemente inviabilizadas, gerada pelas dificuldades de acesso a direitos fundamentais, como moradia e de acolhimento no seio social. A Pol\u00edtica Nacional da Popula\u00e7\u00e3o de Rua (PNPR) visa (re)integra\u00e7\u00e3o destas pessoas \u00e0s suas redes familiares e comunit\u00e1rias, o acesso pleno aos direitos garantidos aos cidad\u00e3os brasileiros e o acesso a oportunidades de desenvolvimento social pleno. Entre aos equipamentos governamentais que objetivam a consecu\u00e7\u00e3o da PNPR est\u00e1 o Centros de Refer\u00eancia Especializados para a Popula\u00e7\u00e3o em Situa\u00e7\u00e3o de Rua (Centro POP), que ofertam servi\u00e7os \u00e0s pessoas em situa\u00e7\u00e3o de rua. Nesse sentido este estudo tem por objetivo analisar os processos de trabalho na efetiva\u00e7\u00e3o dos direitos \u00e0 popula\u00e7\u00e3o em situa\u00e7\u00e3o de rua no Centro Pop do bairro Centro em S\u00e3o Lu\u00eds \u2013 MA. Como metodologia adotou-se a pesquisa qualitativa, necess\u00e1ria para a busca do estudo detalhado diante do processo de abordagem sobre a pol\u00edtica efetiva da assist\u00eancia \u00e0 popula\u00e7\u00e3o em situa\u00e7\u00e3o de rua, e a pesquisa descritiva, que permitiu levantar dados sobre os servi\u00e7os do Centro Pop, a configura\u00e7\u00e3o dos servi\u00e7os socioassistenciais, assim como os atendimentos aos usu\u00e1rios e as pol\u00edticas ofertadas. Os te\u00f3ricos que fundamentaram este estudo foram: Cerqueira (2011), Costa (2005) e Iamamoto e Carvalho (2015). Espera-se que estudo sirva de embasamento para pesquisas posteriores que visem contribuir e\/ou aprofundar mais ainda esse fen\u00f4meno social.<\/p>\n","protected":false},"featured_media":1074,"parent":0,"menu_order":0,"comment_status":"closed","ping_status":"closed","template":"","format":"standard","class_list":["post-1003","tnc_col_317_item","type-tnc_col_317_item","status-publish","format-standard","has-post-thumbnail","hentry"],"_links":{"self":[{"href":"https:\/\/edufor.com.br\/repositorio\/wp-json\/wp\/v2\/tnc_col_317_item\/1003","targetHints":{"allow":["GET"]}}],"collection":[{"href":"https:\/\/edufor.com.br\/repositorio\/wp-json\/wp\/v2\/tnc_col_317_item"}],"about":[{"href":"https:\/\/edufor.com.br\/repositorio\/wp-json\/wp\/v2\/types\/tnc_col_317_item"}],"replies":[{"embeddable":true,"href":"https:\/\/edufor.com.br\/repositorio\/wp-json\/wp\/v2\/comments?post=1003"}],"version-history":[{"count":16,"href":"https:\/\/edufor.com.br\/repositorio\/wp-json\/wp\/v2\/tnc_col_317_item\/1003\/revisions"}],"predecessor-version":[{"id":24107,"href":"https:\/\/edufor.com.br\/repositorio\/wp-json\/wp\/v2\/tnc_col_317_item\/1003\/revisions\/24107"}],"wp:featuredmedia":[{"embeddable":true,"href":"https:\/\/edufor.com.br\/repositorio\/wp-json\/wp\/v2\/media\/1074"}],"wp:attachment":[{"href":"https:\/\/edufor.com.br\/repositorio\/wp-json\/wp\/v2\/media?parent=1003"}],"curies":[{"name":"wp","href":"https:\/\/api.w.org\/{rel}","templated":true}]}}

A política de assistência social e a população em situação de rua: uma análise acerca dos serviços do Centro Pop

<p>As pessoas em situação de rua se encontram constantemente inviabilizadas, gerada pelas dificuldades de acesso a direitos fundamentais, como moradia e de acolhimento no seio social. A Política Nacional da População de Rua (PNPR) visa (re)integração destas pessoas às suas redes familiares e comunitárias, o acesso pleno aos direitos garantidos aos cidadãos brasileiros e o acesso a oportunidades de desenvolvimento social pleno. Entre aos equipamentos governamentais que objetivam a consecução da PNPR está o Centros de Referência Especializados para a População em Situação de Rua (Centro POP), que ofertam serviços às pessoas em situação de rua. Nesse sentido este estudo tem por objetivo analisar os processos de trabalho na efetivação dos direitos à população em situação de rua no Centro Pop do bairro Centro em São Luís – MA. Como metodologia adotou-se a pesquisa qualitativa, necessária para a busca do estudo detalhado diante do processo de abordagem sobre a política efetiva da assistência à população em situação de rua, e a pesquisa descritiva, que permitiu levantar dados sobre os serviços do Centro Pop, a configuração dos serviços socioassistenciais, assim como os atendimentos aos usuários e as políticas ofertadas. Os teóricos que fundamentaram este estudo foram: Cerqueira (2011), Costa (2005) e Iamamoto e Carvalho (2015). Espera-se que estudo sirva de embasamento para pesquisas posteriores que visem contribuir e/ou aprofundar mais ainda esse fenômeno social.</p>
