{"id":1001,"date":"2021-12-20T09:34:14","date_gmt":"2021-12-20T12:34:14","guid":{"rendered":"https:\/\/edufor.com.br\/repositorio\/?post_type=tnc_col_317_item&#038;p=1001"},"modified":"2025-02-04T11:22:02","modified_gmt":"2025-02-04T14:22:02","slug":"servico-social-e-educacao-contribuicoes-profissionais-do-assistente-social-no-instituto-federal-do-maranhao-ifma-campus-maracana","status":"publish","type":"tnc_col_317_item","link":"https:\/\/edufor.com.br\/repositorio\/servico-social\/servico-social-e-educacao-contribuicoes-profissionais-do-assistente-social-no-instituto-federal-do-maranhao-ifma-campus-maracana\/","title":{"rendered":"Servi\u00e7o social e educa\u00e7\u00e3o: contribui\u00e7\u00f5es profissionais do assistente social no Instituto Federal do Maranh\u00e3o \u2013 IFMA\/Campus Maracan\u00e3"},"content":{"rendered":"<p>O presente trabalho de conclus\u00e3o de curso apresenta uma discuss\u00e3o acerca das contribui\u00e7\u00f5es profissionais do assistente social no Instituto Federal de Educa\u00e7\u00e3o, Ci\u00eancia e Tecnologia do Maranh\u00e3o (IFMA\/Campus Maracan\u00e3). Tem como objetivo evidenciar as particularidades que envolvem o exerc\u00edcio do profissional em seu cotidiano de trabalho na institui\u00e7\u00e3o de ensino. Nesse sentido, para a realiza\u00e7\u00e3o deste estudo, optou-se pela pesquisa qualitativa, por considerar que esta \u00e9 importante em rela\u00e7\u00e3o ao objeto pesquisado, destacando-se a realidade objetiva da an\u00e1lise realizada. Al\u00e9m disso, utilizou-se a pesquisa bibliogr\u00e1fica para possibilitar a compreens\u00e3o s\u00f3cio-hist\u00f3rica da pol\u00edtica educacional no Brasil e a inser\u00e7\u00e3o do assistente social nesse espa\u00e7o s\u00f3cio-ocupacional. Como t\u00e9cnica de pesquisa para a coleta de dados emp\u00edricos, adotou-se a entrevista semiestruturada, objetivando absorver as especificidades do trabalho do assistente social no IFMA. A perspectiva te\u00f3rico-metodol\u00f3gica fundamentada em toda a discuss\u00e3o e an\u00e1lise do estudo \u00e9 o materialismo hist\u00f3rico-dial\u00e9tico, visto que este possibilita apreens\u00f5es cr\u00edticas da realidade estudada, considerando as rela\u00e7\u00f5es de sociabilidade no \u00e2mbito educacional dentro da sociedade capitalista. Portanto, a pesquisa evidencia a import\u00e2ncia do assistente social nas institui\u00e7\u00f5es de ensino, os quais mesmo com expressivos desafios cotidianos, se aliam ao Projeto \u00c9tico Pol\u00edtico da profiss\u00e3o e viabilizam estrat\u00e9gias de supera\u00e7\u00e3o das bases tradicionais da educa\u00e7\u00e3o profissional, ressaltando a necessidade de uma educa\u00e7\u00e3o de qualidade e que reforce o car\u00e1ter universal dessa crucial pol\u00edtica p\u00fablica.<\/p>\n","protected":false},"featured_media":1027,"parent":0,"menu_order":0,"comment_status":"closed","ping_status":"closed","template":"","format":"standard","class_list":["post-1001","tnc_col_317_item","type-tnc_col_317_item","status-publish","format-standard","has-post-thumbnail","hentry"],"_links":{"self":[{"href":"https:\/\/edufor.com.br\/repositorio\/wp-json\/wp\/v2\/tnc_col_317_item\/1001","targetHints":{"allow":["GET"]}}],"collection":[{"href":"https:\/\/edufor.com.br\/repositorio\/wp-json\/wp\/v2\/tnc_col_317_item"}],"about":[{"href":"https:\/\/edufor.com.br\/repositorio\/wp-json\/wp\/v2\/types\/tnc_col_317_item"}],"replies":[{"embeddable":true,"href":"https:\/\/edufor.com.br\/repositorio\/wp-json\/wp\/v2\/comments?post=1001"}],"version-history":[{"count":19,"href":"https:\/\/edufor.com.br\/repositorio\/wp-json\/wp\/v2\/tnc_col_317_item\/1001\/revisions"}],"predecessor-version":[{"id":24523,"href":"https:\/\/edufor.com.br\/repositorio\/wp-json\/wp\/v2\/tnc_col_317_item\/1001\/revisions\/24523"}],"wp:featuredmedia":[{"embeddable":true,"href":"https:\/\/edufor.com.br\/repositorio\/wp-json\/wp\/v2\/media\/1027"}],"wp:attachment":[{"href":"https:\/\/edufor.com.br\/repositorio\/wp-json\/wp\/v2\/media?parent=1001"}],"curies":[{"name":"wp","href":"https:\/\/api.w.org\/{rel}","templated":true}]}}

Serviço social e educação: contribuições profissionais do assistente social no Instituto Federal do Maranhão – IFMA/Campus Maracanã

<p>O presente trabalho de conclusão de curso apresenta uma discussão acerca das contribuições profissionais do assistente social no Instituto Federal de Educação, Ciência e Tecnologia do Maranhão (IFMA/Campus Maracanã). Tem como objetivo evidenciar as particularidades que envolvem o exercício do profissional em seu cotidiano de trabalho na instituição de ensino. Nesse sentido, para a realização deste estudo, optou-se pela pesquisa qualitativa, por considerar que esta é importante em relação ao objeto pesquisado, destacando-se a realidade objetiva da análise realizada. Além disso, utilizou-se a pesquisa bibliográfica para possibilitar a compreensão sócio-histórica da política educacional no Brasil e a inserção do assistente social nesse espaço sócio-ocupacional. Como técnica de pesquisa para a coleta de dados empíricos, adotou-se a entrevista semiestruturada, objetivando absorver as especificidades do trabalho do assistente social no IFMA. A perspectiva teórico-metodológica fundamentada em toda a discussão e análise do estudo é o materialismo histórico-dialético, visto que este possibilita apreensões críticas da realidade estudada, considerando as relações de sociabilidade no âmbito educacional dentro da sociedade capitalista. Portanto, a pesquisa evidencia a importância do assistente social nas instituições de ensino, os quais mesmo com expressivos desafios cotidianos, se aliam ao Projeto Ético Político da profissão e viabilizam estratégias de superação das bases tradicionais da educação profissional, ressaltando a necessidade de uma educação de qualidade e que reforce o caráter universal dessa crucial política pública.</p>
